CRAN Package Check Results for Package plogr

Last updated on 2022-09-27 14:53:36 CEST.

Flavor Version Tinstall Tcheck Ttotal Status Flags
r-devel-linux-x86_64-debian-clang 0.2.0 1.89 31.79 33.68 NOTE
r-devel-linux-x86_64-debian-gcc 0.2.0 1.00 23.94 24.94 NOTE
r-devel-linux-x86_64-fedora-clang 0.2.0 56.12 NOTE
r-devel-linux-x86_64-fedora-gcc 0.2.0 49.03 NOTE
r-devel-windows-x86_64 0.2.0 12.00 68.00 80.00 NOTE
r-patched-linux-x86_64 0.2.0 1.67 29.10 30.77 NOTE
r-release-linux-x86_64 0.2.0 1.60 28.89 30.49 NOTE
r-release-macos-arm64 0.2.0 18.00 NOTE
r-release-macos-x86_64 0.2.0 24.00 NOTE
r-release-windows-x86_64 0.2.0 26.00 66.00 92.00 NOTE
r-oldrel-macos-arm64 0.2.0 21.00 NOTE
r-oldrel-macos-x86_64 0.2.0 30.00 NOTE
r-oldrel-windows-ix86+x86_64 0.2.0 4.00 56.00 60.00 NOTE

Check Details

Version: 0.2.0
Check: LazyData
Result: NOTE
     'LazyData' is specified without a 'data' directory
Flavors: r-devel-linux-x86_64-debian-clang, r-devel-linux-x86_64-debian-gcc, r-devel-linux-x86_64-fedora-clang, r-devel-linux-x86_64-fedora-gcc, r-devel-windows-x86_64, r-patched-linux-x86_64, r-release-linux-x86_64, r-release-macos-arm64, r-release-macos-x86_64, r-release-windows-x86_64, r-oldrel-macos-arm64, r-oldrel-macos-x86_64, r-oldrel-windows-ix86+x86_64