Last updated on 2019-12-11 04:48:26 CET.
Flavor | Version | Tinstall | Tcheck | Ttotal | Status | Flags |
---|---|---|---|---|---|---|
r-devel-linux-x86_64-debian-clang | 4.9.1 | 17.82 | 276.76 | 294.58 | OK | |
r-devel-linux-x86_64-debian-gcc | 4.9.1 | 14.32 | 258.11 | 272.43 | OK | |
r-devel-linux-x86_64-fedora-clang | 4.9.1 | 292.51 | NOTE | |||
r-devel-linux-x86_64-fedora-gcc | 4.9.1 | 281.44 | OK | |||
r-devel-windows-ix86+x86_64 | 4.9.1 | 27.00 | 310.00 | 337.00 | NOTE | |
r-devel-windows-ix86+x86_64-gcc8 | 4.9.1 | 47.00 | 319.00 | 366.00 | NOTE | |
r-patched-linux-x86_64 | 4.9.1 | 14.51 | 246.00 | 260.51 | OK | |
r-patched-solaris-x86 | 4.9.1 | 323.60 | NOTE | |||
r-release-linux-x86_64 | 4.9.1 | 17.19 | 252.18 | 269.37 | OK | |
r-release-windows-ix86+x86_64 | 4.9.1 | 22.00 | 221.00 | 243.00 | NOTE | |
r-release-osx-x86_64 | 4.9.1 | NOTE | ||||
r-oldrel-windows-ix86+x86_64 | 4.9.1 | 21.00 | 213.00 | 234.00 | NOTE | |
r-oldrel-osx-x86_64 | 4.9.1 | NOTE |
Version: 4.9.1
Check: installed package size
Result: NOTE
installed size is 6.6Mb
sub-directories of 1Mb or more:
htmlwidgets 3.6Mb
Flavors: r-devel-linux-x86_64-fedora-clang, r-devel-windows-ix86+x86_64, r-devel-windows-ix86+x86_64-gcc8, r-patched-solaris-x86, r-release-windows-ix86+x86_64, r-release-osx-x86_64, r-oldrel-windows-ix86+x86_64, r-oldrel-osx-x86_64