CRAN Package Check Results for Package plotrr

Last updated on 2020-12-02 08:49:20 CET.

Flavor Version Tinstall Tcheck Ttotal Status Flags
r-devel-linux-x86_64-debian-clang 1.0.0 3.39 48.02 51.41 OK
r-devel-linux-x86_64-debian-gcc 1.0.0 3.26 36.46 39.72 OK
r-devel-linux-x86_64-fedora-clang 1.0.0 64.95 NOTE
r-devel-linux-x86_64-fedora-gcc 1.0.0 53.85 NOTE
r-devel-windows-ix86+x86_64 1.0.0 6.00 47.00 53.00 OK
r-patched-linux-x86_64 1.0.0 3.19 44.80 47.99 OK
r-patched-solaris-x86 1.0.0 75.60 NOTE
r-release-linux-x86_64 1.0.0 2.87 46.32 49.19 OK
r-release-macos-x86_64 1.0.0 NOTE
r-release-windows-ix86+x86_64 1.0.0 6.00 46.00 52.00 OK
r-oldrel-macos-x86_64 1.0.0 NOTE
r-oldrel-windows-ix86+x86_64 1.0.0 4.00 65.00 69.00 OK

Check Details

Version: 1.0.0
Check: dependencies in R code
Result: NOTE
    Namespaces in Imports field not imported from:
     ‘dplyr’ ‘stats’
     All declared Imports should be used.
Flavors: r-devel-linux-x86_64-fedora-clang, r-devel-linux-x86_64-fedora-gcc, r-patched-solaris-x86, r-release-macos-x86_64, r-oldrel-macos-x86_64