CRAN Package Check Results for Package plumberDeploy

Last updated on 2021-12-04 08:50:54 CET.

Flavor Version Tinstall Tcheck Ttotal Status Flags
r-devel-linux-x86_64-debian-clang 0.2.1 2.08 29.28 31.36 NOTE
r-devel-linux-x86_64-debian-gcc 0.2.1 1.57 23.31 24.88 NOTE
r-devel-linux-x86_64-fedora-clang 0.2.1 39.11 NOTE
r-devel-linux-x86_64-fedora-gcc 0.2.1 28.89 NOTE
r-devel-windows-x86_64-new-UL 0.2.1 7.00 56.00 63.00 NOTE
r-devel-windows-x86_64-new-TK 0.2.1 NOTE
r-devel-windows-x86_64-old 0.2.1 5.00 28.00 33.00 NOTE
r-patched-linux-x86_64 0.2.1 2.37 20.39 22.76 NOTE
r-release-linux-x86_64 0.2.1 2.06 20.06 22.12 NOTE
r-release-macos-arm64 0.2.1 NOTE
r-release-macos-x86_64 0.2.1 NOTE
r-release-windows-ix86+x86_64 0.2.1 5.00 40.00 45.00 NOTE
r-oldrel-macos-x86_64 0.2.1 NOTE
r-oldrel-windows-ix86+x86_64 0.2.1 6.00 38.00 44.00 OK

Check Details

Version: 0.2.1
Check: LazyData
Result: NOTE
     'LazyData' is specified without a 'data' directory
Flavors: r-devel-linux-x86_64-debian-clang, r-devel-linux-x86_64-debian-gcc, r-devel-linux-x86_64-fedora-clang, r-devel-linux-x86_64-fedora-gcc, r-devel-windows-x86_64-new-UL, r-devel-windows-x86_64-new-TK, r-devel-windows-x86_64-old, r-patched-linux-x86_64, r-release-linux-x86_64, r-release-macos-arm64, r-release-macos-x86_64, r-release-windows-ix86+x86_64

Version: 0.2.1
Check: dependencies in R code
Result: NOTE
    Namespace in Imports field not imported from: ‘ssh’
     All declared Imports should be used.
Flavors: r-devel-linux-x86_64-fedora-clang, r-devel-linux-x86_64-fedora-gcc, r-devel-windows-x86_64-new-TK, r-release-macos-arm64, r-release-macos-x86_64, r-oldrel-macos-x86_64