CRAN Package Check Results for Package plyr

Last updated on 2020-06-06 13:52:46 CEST.

Flavor Version Tinstall Tcheck Ttotal Status Flags
r-devel-linux-x86_64-debian-clang 1.8.6 23.75 67.48 91.23 OK
r-devel-linux-x86_64-debian-gcc 1.8.6 16.36 51.50 67.86 OK
r-devel-linux-x86_64-fedora-clang 1.8.6 121.08 OK
r-devel-linux-x86_64-fedora-gcc 1.8.6 106.43 OK
r-devel-windows-ix86+x86_64 1.8.6 3.00 7.00 10.00 ERROR
r-patched-linux-x86_64 1.8.6 18.24 67.07 85.31 OK
r-patched-solaris-x86 1.8.6 132.70 OK
r-release-linux-x86_64 1.8.6 18.21 70.79 89.00 OK
r-release-osx-x86_64 1.8.6 OK
r-release-windows-ix86+x86_64 1.8.6 46.00 176.00 222.00 OK
r-oldrel-osx-x86_64 1.8.6 NOTE
r-oldrel-windows-ix86+x86_64 1.8.6 62.00 123.00 185.00 OK

Check Details

Version: 1.8.6
Check: whether package can be installed
Result: ERROR
    Installation failed.
Flavor: r-devel-windows-ix86+x86_64

Version: 1.8.6
Check: dependencies in R code
Result: NOTE
    No protocol specified
    No protocol specified
Flavor: r-oldrel-osx-x86_64