CRAN Package Check Results for Package pmdplyr

Last updated on 2020-11-28 20:47:54 CET.

Flavor Version Tinstall Tcheck Ttotal Status Flags
r-devel-linux-x86_64-debian-clang 0.3.3 11.58 115.90 127.48 NOTE
r-devel-linux-x86_64-debian-gcc 0.3.3 9.35 87.33 96.68 NOTE
r-devel-linux-x86_64-fedora-clang 0.3.3 160.86 NOTE
r-devel-linux-x86_64-fedora-gcc 0.3.3 162.53 NOTE
r-devel-windows-ix86+x86_64 0.3.3 19.00 100.00 119.00 OK
r-patched-linux-x86_64 0.3.3 9.15 120.69 129.84 NOTE
r-patched-solaris-x86 0.3.3 193.40 NOTE
r-release-linux-x86_64 0.3.3 10.14 117.83 127.97 NOTE
r-release-macos-x86_64 0.3.3 OK
r-release-windows-ix86+x86_64 0.3.3 15.00 110.00 125.00 OK
r-oldrel-macos-x86_64 0.3.3 OK
r-oldrel-windows-ix86+x86_64 0.3.3 18.00 148.00 166.00 OK

Check Details

Version: 0.3.3
Check: package dependencies
Result: NOTE
    Package suggested but not available for checking: 'panelr'
Flavors: r-devel-linux-x86_64-debian-clang, r-devel-linux-x86_64-debian-gcc, r-devel-linux-x86_64-fedora-clang, r-devel-linux-x86_64-fedora-gcc, r-patched-linux-x86_64, r-patched-solaris-x86, r-release-linux-x86_64