CRAN Package Check Results for Package pmxTools

Last updated on 2019-09-22 14:47:35 CEST.

Flavor Version Tinstall Tcheck Ttotal Status Flags
r-devel-linux-x86_64-debian-clang 0.1.1 9.64 54.00 63.64 OK
r-devel-linux-x86_64-debian-gcc 0.1.1 7.69 42.11 49.80 OK
r-devel-linux-x86_64-fedora-clang 0.1.1 76.88 NOTE
r-devel-linux-x86_64-fedora-gcc 0.1.1 76.86 NOTE
r-devel-windows-ix86+x86_64 0.1.1 30.00 73.00 103.00 OK
r-patched-linux-x86_64 0.1.1 9.95 53.08 63.03 OK
r-patched-solaris-x86 0.1.1 101.10 NOTE
r-release-linux-x86_64 0.1.1 8.61 54.60 63.21 OK
r-release-windows-ix86+x86_64 0.1.1 14.00 65.00 79.00 OK
r-release-osx-x86_64 0.1.1 NOTE
r-oldrel-windows-ix86+x86_64 0.1.1 11.00 61.00 72.00 OK
r-oldrel-osx-x86_64 0.1.1 NOTE

Check Details

Version: 0.1.1
Check: dependencies in R code
Result: NOTE
    Namespaces in Imports field not imported from:
     ‘GGally’ ‘PKNCA’ ‘grid’ ‘magrittr’ ‘plyr’
     All declared Imports should be used.
Flavors: r-devel-linux-x86_64-fedora-clang, r-devel-linux-x86_64-fedora-gcc, r-patched-solaris-x86, r-release-osx-x86_64, r-oldrel-osx-x86_64