CRAN Package Check Results for Package pocketapi

Last updated on 2022-12-03 18:56:05 CET.

Flavor Version Tinstall Tcheck Ttotal Status Flags
r-devel-linux-x86_64-debian-clang 0.1 2.93 45.29 48.22 NOTE
r-devel-linux-x86_64-debian-gcc 0.1 3.22 34.38 37.60 NOTE
r-devel-linux-x86_64-fedora-clang 0.1 69.58 NOTE
r-devel-linux-x86_64-fedora-gcc 0.1 80.87 NOTE
r-devel-windows-x86_64 0.1 8.00 77.00 85.00 NOTE
r-patched-linux-x86_64 0.1 4.41 43.96 48.37 NOTE
r-release-linux-x86_64 0.1 3.18 44.62 47.80 NOTE
r-release-macos-arm64 0.1 27.00 NOTE
r-release-macos-x86_64 0.1 50.00 NOTE
r-release-windows-x86_64 0.1 48.00 89.00 137.00 NOTE
r-oldrel-macos-arm64 0.1 38.00 NOTE
r-oldrel-macos-x86_64 0.1 68.00 NOTE
r-oldrel-windows-ix86+x86_64 0.1 10.00 71.00 81.00 NOTE

Check Details

Version: 0.1
Check: package subdirectories
Result: NOTE
    Problems with news in 'NEWS.md':
    No news entries found.
Flavors: r-devel-linux-x86_64-debian-clang, r-devel-linux-x86_64-debian-gcc, r-devel-linux-x86_64-fedora-clang, r-devel-linux-x86_64-fedora-gcc, r-devel-windows-x86_64

Version: 0.1
Check: LazyData
Result: NOTE
     'LazyData' is specified without a 'data' directory
Flavors: r-devel-linux-x86_64-debian-clang, r-devel-linux-x86_64-debian-gcc, r-devel-linux-x86_64-fedora-clang, r-devel-linux-x86_64-fedora-gcc, r-devel-windows-x86_64, r-patched-linux-x86_64, r-release-linux-x86_64, r-release-macos-arm64, r-release-macos-x86_64, r-release-windows-x86_64, r-oldrel-macos-arm64, r-oldrel-macos-x86_64, r-oldrel-windows-ix86+x86_64

Version: 0.1
Check: dependencies in R code
Result: NOTE
    Namespace in Imports field not imported from: ‘dplyr’
     All declared Imports should be used.
Flavors: r-devel-linux-x86_64-fedora-clang, r-devel-linux-x86_64-fedora-gcc, r-release-macos-arm64, r-release-macos-x86_64, r-oldrel-macos-arm64, r-oldrel-macos-x86_64