CRAN Package Check Results for Package podr

Last updated on 2021-05-14 16:47:40 CEST.

Flavor Version Tinstall Tcheck Ttotal Status Flags
r-devel-linux-x86_64-debian-clang 0.0.5 6.38 55.71 62.09 NOTE
r-devel-linux-x86_64-debian-gcc 0.0.5 5.25 42.16 47.41 NOTE
r-devel-linux-x86_64-fedora-clang 0.0.5 84.35 NOTE
r-devel-linux-x86_64-fedora-gcc 0.0.5 69.16 NOTE
r-devel-windows-ix86+x86_64 0.0.5 16.00 65.00 81.00 NOTE
r-devel-windows-x86_64-gcc10-UCRT 0.0.5 NOTE
r-patched-linux-x86_64 0.0.5 5.40 52.01 57.41 NOTE
r-patched-solaris-x86 0.0.5 107.30 WARN
r-release-linux-x86_64 0.0.5 5.47 51.18 56.65 OK
r-release-macos-x86_64 0.0.5 WARN
r-release-windows-ix86+x86_64 0.0.5 11.00 80.00 91.00 OK
r-oldrel-macos-x86_64 0.0.5 WARN
r-oldrel-windows-ix86+x86_64 0.0.5 12.00 78.00 90.00 OK

Check Details

Version: 0.0.5
Check: LazyData
Result: NOTE
     'LazyData' is specified without a 'data' directory
Flavors: r-devel-linux-x86_64-debian-clang, r-devel-linux-x86_64-debian-gcc, r-devel-linux-x86_64-fedora-clang, r-devel-linux-x86_64-fedora-gcc, r-devel-windows-ix86+x86_64, r-devel-windows-x86_64-gcc10-UCRT, r-patched-linux-x86_64, r-patched-solaris-x86

Version: 0.0.5
Check: dependencies in R code
Result: NOTE
    Namespace in Imports field not imported from: ‘plogr’
     All declared Imports should be used.
Flavors: r-devel-linux-x86_64-fedora-clang, r-devel-linux-x86_64-fedora-gcc, r-devel-windows-x86_64-gcc10-UCRT, r-patched-solaris-x86, r-release-macos-x86_64, r-oldrel-macos-x86_64

Version: 0.0.5
Check: re-building of vignette outputs
Result: WARN
    Error(s) in re-building vignettes:
     ...
    --- re-building ‘about-podr.Rmd’ using rmarkdown
    Warning in engine$weave(file, quiet = quiet, encoding = enc) :
     Pandoc (>= 1.12.3) not available. Falling back to R Markdown v1.
    Quitting from lines 42-64 (about-podr.Rmd)
    Error: processing vignette 'about-podr.Rmd' failed with diagnostics:
    invalid 'path' argument
    --- failed re-building ‘about-podr.Rmd’
    
    SUMMARY: processing the following file failed:
     ‘about-podr.Rmd’
    
    Error: Vignette re-building failed.
    Execution halted
Flavor: r-patched-solaris-x86

Version: 0.0.5
Check: re-building of vignette outputs
Result: WARN
    Error(s) in re-building vignettes:
     ...
    --- re-building ‘about-podr.Rmd’ using rmarkdown
    Warning in engine$weave(file, quiet = quiet, encoding = enc) :
     Pandoc (>= 1.12.3) and/or pandoc-citeproc not available. Falling back to R Markdown v1.
    Quitting from lines 42-64 (about-podr.Rmd)
    Error: processing vignette 'about-podr.Rmd' failed with diagnostics:
    cannot open the connection
    --- failed re-building ‘about-podr.Rmd’
    
    SUMMARY: processing the following file failed:
     ‘about-podr.Rmd’
    
    Error: Vignette re-building failed.
    Execution halted
Flavors: r-release-macos-x86_64, r-oldrel-macos-x86_64