Last updated on 2023-12-02 05:50:03 CET.
Flavor | Version | Tinstall | Tcheck | Ttotal | Status | Flags |
---|---|---|---|---|---|---|
r-devel-linux-x86_64-debian-clang | 0.1.0 | 3.97 | 33.80 | 37.77 | OK | |
r-devel-linux-x86_64-debian-gcc | 0.1.0 | 2.82 | 26.81 | 29.63 | OK | |
r-devel-linux-x86_64-fedora-clang | 0.1.0 | 47.26 | OK | |||
r-devel-linux-x86_64-fedora-gcc | 0.1.0 | 45.33 | OK | |||
r-devel-windows-x86_64 | 0.1.0 | 5.00 | 49.00 | 54.00 | OK | |
r-patched-linux-x86_64 | 0.1.0 | 3.41 | 33.18 | 36.59 | OK | |
r-release-linux-x86_64 | 0.1.0 | 2.99 | 33.11 | 36.10 | OK | |
r-release-macos-arm64 | 0.1.0 | 21.00 | OK | |||
r-release-macos-x86_64 | 0.1.0 | 51.00 | OK | |||
r-release-windows-x86_64 | 0.1.0 | 7.00 | 50.00 | 57.00 | OK | |
r-oldrel-macos-arm64 | 0.1.0 | 25.00 | OK | |||
r-oldrel-macos-x86_64 | 0.0.1 | 32.00 | NOTE | |||
r-oldrel-windows-x86_64 | 0.1.0 | 6.00 | 57.00 | 63.00 | OK |
Version: 0.0.1
Check: dependencies in R code
Result: NOTE
Namespaces in Imports field not imported from:
‘argonDash’ ‘argonR’ ‘colourpicker’ ‘ggplot2’ ‘grid’ ‘hexSticker’
‘png’ ‘shinyWidgets’
All declared Imports should be used.
Flavor: r-oldrel-macos-x86_64
Version: 0.0.1
Check: LazyData
Result: NOTE
'LazyData' is specified without a 'data' directory
Flavor: r-oldrel-macos-x86_64