Last updated on 2022-07-01 02:54:24 CEST.
Flavor | Version | Tinstall | Tcheck | Ttotal | Status | Flags |
---|---|---|---|---|---|---|
r-devel-linux-x86_64-debian-clang | 0.8.6 | 25.74 | 319.38 | 345.12 | OK | |
r-devel-linux-x86_64-debian-gcc | 0.8.6 | 24.27 | 205.33 | 229.60 | OK | |
r-devel-linux-x86_64-fedora-clang | 0.8.6 | 375.92 | OK | |||
r-devel-linux-x86_64-fedora-gcc | 0.8.6 | 350.98 | OK | |||
r-devel-windows-x86_64 | 0.8.6 | 320.00 | 314.00 | 634.00 | OK | |
r-patched-linux-x86_64 | 0.8.6 | 30.41 | 256.52 | 286.93 | OK | |
r-release-linux-x86_64 | 0.8.6 | 30.94 | 255.18 | 286.12 | OK | |
r-release-macos-arm64 | 0.8.6 | 112.00 | NOTE | |||
r-release-macos-x86_64 | 0.8.6 | 133.00 | OK | |||
r-release-windows-x86_64 | 0.8.6 | 302.00 | 306.00 | 608.00 | OK | |
r-oldrel-macos-arm64 | 0.8.6 | 102.00 | NOTE | |||
r-oldrel-macos-x86_64 | 0.8.6 | 121.00 | OK | |||
r-oldrel-windows-ix86+x86_64 | 0.8.6 | 50.00 | 318.00 | 368.00 | OK |
Version: 0.8.6
Check: installed package size
Result: NOTE
installed size is 5.2Mb
sub-directories of 1Mb or more:
R 2.0Mb
extdata 1.9Mb
Flavors: r-release-macos-arm64, r-oldrel-macos-arm64