CRAN Package Check Results for Package polySegratio

Last updated on 2024-07-20 04:48:40 CEST.

Flavor Version Tinstall Tcheck Ttotal Status Flags
r-devel-linux-x86_64-debian-clang 0.2-5 3.57 41.87 45.44 NOTE
r-devel-linux-x86_64-debian-gcc 0.2-5 2.19 32.67 34.86 NOTE
r-devel-linux-x86_64-fedora-clang 0.2-5 58.73 NOTE
r-devel-linux-x86_64-fedora-gcc 0.2-5 72.16 NOTE
r-devel-windows-x86_64 0.2-5 4.00 81.00 85.00 NOTE
r-patched-linux-x86_64 0.2-5 4.18 40.92 45.10 NOTE
r-release-linux-x86_64 0.2-5 2.80 41.43 44.23 NOTE
r-release-macos-arm64 0.2-5 28.00 NOTE
r-release-macos-x86_64 0.2-5 43.00 NOTE
r-release-windows-x86_64 0.2-5 3.00 77.00 80.00 NOTE
r-oldrel-macos-arm64 0.2-5 30.00 OK
r-oldrel-macos-x86_64 0.2-5 42.00 OK
r-oldrel-windows-x86_64 0.2-5 5.00 74.00 79.00 OK

Check Details

Version: 0.2-5
Check: Rd files
Result: NOTE checkRd: (-1) addMisclass.Rd:37: Lost braces in \itemize; \value handles \item{}{} directly checkRd: (-1) addMisclass.Rd:38: Lost braces in \itemize; \value handles \item{}{} directly checkRd: (-1) addMisclass.Rd:39: Lost braces in \itemize; \value handles \item{}{} directly checkRd: (-1) addMisclass.Rd:40: Lost braces in \itemize; \value handles \item{}{} directly checkRd: (-1) addMisclass.Rd:41: Lost braces in \itemize; \value handles \item{}{} directly checkRd: (-1) addMisclass.Rd:42: Lost braces in \itemize; \value handles \item{}{} directly checkRd: (-1) addMisclass.Rd:43: Lost braces in \itemize; \value handles \item{}{} directly checkRd: (-1) divide.autoMarkers.Rd:33-34: Lost braces in \itemize; \value handles \item{}{} directly checkRd: (-1) divide.autoMarkers.Rd:35: Lost braces in \itemize; \value handles \item{}{} directly checkRd: (-1) divide.autoMarkers.Rd:36-37: Lost braces in \itemize; \value handles \item{}{} directly checkRd: (-1) divide.autoMarkers.Rd:38: Lost braces in \itemize; \value handles \item{}{} directly checkRd: (-1) divide.autoMarkers.Rd:39: Lost braces in \itemize; \value handles \item{}{} directly checkRd: (-1) divideAutoMarkers.Rd:13: Lost braces in \itemize; \value handles \item{}{} directly checkRd: (-1) divideAutoMarkers.Rd:14: Lost braces in \itemize; \value handles \item{}{} directly checkRd: (-1) divideAutoMarkers.Rd:15-16: Lost braces in \itemize; \value handles \item{}{} directly checkRd: (-1) divideAutoMarkers.Rd:17: Lost braces in \itemize; \value handles \item{}{} directly checkRd: (-1) divideAutoMarkers.Rd:18: Lost braces in \itemize; \value handles \item{}{} directly checkRd: (-1) expected.segRatio.Rd:33-34: Lost braces in \itemize; meant \describe ? checkRd: (-1) expected.segRatio.Rd:35-36: Lost braces in \itemize; meant \describe ? checkRd: (-1) plot.segRatio.Rd:34: Lost braces in \itemize; meant \describe ? checkRd: (-1) plot.segRatio.Rd:35: Lost braces in \itemize; meant \describe ? checkRd: (-1) plot.segRatio.Rd:36-37: Lost braces in \itemize; meant \describe ? checkRd: (-1) plot.segRatio.Rd:38: Lost braces in \itemize; meant \describe ? checkRd: (-1) polySegratio-package.Rd:42-43: Lost braces in \itemize; meant \describe ? checkRd: (-1) polySegratio-package.Rd:44-45: Lost braces in \itemize; meant \describe ? checkRd: (-1) sim.autoMarkers.Rd:56: Lost braces in \itemize; \value handles \item{}{} directly checkRd: (-1) sim.autoMarkers.Rd:57: Lost braces in \itemize; \value handles \item{}{} directly checkRd: (-1) sim.autoMarkers.Rd:58: Lost braces in \itemize; \value handles \item{}{} directly checkRd: (-1) sim.autoMarkers.Rd:67: Lost braces in \itemize; \value handles \item{}{} directly checkRd: (-1) sim.autoMarkers.Rd:68: Lost braces in \itemize; \value handles \item{}{} directly checkRd: (-1) sim.autoMarkers.Rd:69-70: Lost braces in \itemize; \value handles \item{}{} directly checkRd: (-1) simAutoCross.Rd:31: Lost braces 31 | with components sQuote{p01}, \sQuote{p10} and \sQuote{p11}} | ^ checkRd: (-1) simAutoMarkers.Rd:27: Lost braces in \itemize; \value handles \item{}{} directly checkRd: (-1) simAutoMarkers.Rd:28: Lost braces in \itemize; \value handles \item{}{} directly checkRd: (-1) simAutoMarkers.Rd:29-30: Lost braces in \itemize; \value handles \item{}{} directly checkRd: (-1) test.segRatio.Rd:44-45: Lost braces in \itemize; meant \describe ? checkRd: (-1) test.segRatio.Rd:46-47: Lost braces in \itemize; meant \describe ? checkRd: (-1) testSegRatio.Rd:23-24: Lost braces in \itemize; meant \describe ? checkRd: (-1) testSegRatio.Rd:25-26: Lost braces in \itemize; meant \describe ? Flavors: r-devel-linux-x86_64-debian-clang, r-devel-linux-x86_64-debian-gcc, r-devel-linux-x86_64-fedora-clang, r-devel-linux-x86_64-fedora-gcc, r-devel-windows-x86_64, r-patched-linux-x86_64, r-release-linux-x86_64, r-release-macos-arm64, r-release-macos-x86_64, r-release-windows-x86_64