CRAN Package Check Results for Package polySegratioMM

Last updated on 2019-09-23 17:47:13 CEST.

Flavor Version Tinstall Tcheck Ttotal Status Flags
r-devel-linux-x86_64-debian-clang 0.6-4 3.58 38.27 41.85 NOTE
r-devel-linux-x86_64-debian-gcc 0.6-4 2.93 30.40 33.33 NOTE
r-devel-linux-x86_64-fedora-clang 0.6-4 52.28 NOTE
r-devel-linux-x86_64-fedora-gcc 0.6-4 51.88 NOTE
r-devel-windows-ix86+x86_64 0.6-4 11.00 81.00 92.00 OK
r-patched-linux-x86_64 0.6-4 2.78 37.07 39.85 OK
r-patched-solaris-x86 0.6-4 75.10 OK
r-release-linux-x86_64 0.6-4 3.19 38.13 41.32 OK
r-release-windows-ix86+x86_64 0.6-4 13.00 77.00 90.00 OK
r-release-osx-x86_64 0.6-4 OK
r-oldrel-windows-ix86+x86_64 0.6-4 7.00 72.00 79.00 OK
r-oldrel-osx-x86_64 0.6-4 OK

Check Details

Version: 0.6-4
Check: for non-standard things in the check directory
Result: NOTE
    Found the following files/directories:
     'test-data.R' 'test-inits.R' 'test.bug' 'test.cmd'
Flavors: r-devel-linux-x86_64-debian-clang, r-devel-linux-x86_64-debian-gcc, r-devel-linux-x86_64-fedora-clang, r-devel-linux-x86_64-fedora-gcc