CRAN Package Check Results for Package polySegratioMM

Last updated on 2020-06-05 20:48:44 CEST.

Flavor Version Tinstall Tcheck Ttotal Status Flags
r-devel-linux-x86_64-debian-clang 0.6-4 3.70 40.90 44.60 NOTE
r-devel-linux-x86_64-debian-gcc 0.6-4 3.06 32.51 35.57 NOTE
r-devel-linux-x86_64-fedora-clang 0.6-4 64.78 NOTE
r-devel-linux-x86_64-fedora-gcc 0.6-4 55.42 NOTE
r-devel-windows-ix86+x86_64 0.6-4 10.00 80.00 90.00 OK
r-patched-linux-x86_64 0.6-4 4.60 40.79 45.39 NOTE
r-patched-solaris-x86 0.6-4 81.50 NOTE
r-release-linux-x86_64 0.6-4 4.00 42.46 46.46 NOTE
r-release-osx-x86_64 0.6-4 OK
r-release-windows-ix86+x86_64 0.6-4 8.00 78.00 86.00 OK
r-oldrel-osx-x86_64 0.6-4 OK
r-oldrel-windows-ix86+x86_64 0.6-4 12.00 49.00 61.00 OK

Check Details

Version: 0.6-4
Check: for non-standard things in the check directory
Result: NOTE
    Found the following files/directories:
     'test-data.R' 'test-inits.R' 'test.bug' 'test.cmd'
Flavors: r-devel-linux-x86_64-debian-clang, r-devel-linux-x86_64-debian-gcc, r-devel-linux-x86_64-fedora-clang, r-devel-linux-x86_64-fedora-gcc, r-patched-linux-x86_64, r-patched-solaris-x86, r-release-linux-x86_64