CRAN Package Check Results for Package polyclip

Last updated on 2023-06-03 23:59:01 CEST.

Flavor Version Tinstall Tcheck Ttotal Status Flags
r-devel-linux-x86_64-debian-clang 1.10-4 14.22 25.16 39.38 NOTE
r-devel-linux-x86_64-debian-gcc 1.10-4 8.85 19.44 28.29 NOTE
r-devel-linux-x86_64-fedora-clang 1.10-4 55.23 NOTE
r-devel-linux-x86_64-fedora-gcc 1.10-4 51.26 NOTE
r-devel-windows-x86_64 1.10-4 25.00 58.00 83.00 NOTE
r-patched-linux-x86_64 1.10-4 NOTE
r-release-linux-x86_64 1.10-4 11.64 24.15 35.79 NOTE
r-release-macos-arm64 1.10-4 37.00 NOTE
r-release-macos-x86_64 1.10-4 37.00 NOTE
r-release-windows-x86_64 1.10-4 23.00 70.00 93.00 NOTE
r-oldrel-macos-arm64 1.10-4 25.00 OK
r-oldrel-macos-x86_64 1.10-4 47.00 OK
r-oldrel-windows-x86_64 1.10-4 22.00 71.00 93.00 OK

Check Details

Version: 1.10-4
Check: C++ specification
Result: NOTE
     Specified C++11: please drop specification unless essential
Flavors: r-devel-linux-x86_64-debian-clang, r-devel-linux-x86_64-debian-gcc, r-devel-linux-x86_64-fedora-clang, r-devel-linux-x86_64-fedora-gcc, r-devel-windows-x86_64, r-patched-linux-x86_64, r-release-linux-x86_64, r-release-macos-arm64, r-release-macos-x86_64, r-release-windows-x86_64