CRAN Package Check Results for Package polylabelr

Last updated on 2022-10-04 05:50:38 CEST.

Flavor Version Tinstall Tcheck Ttotal Status Flags
r-devel-linux-x86_64-debian-clang 0.2.0 19.78 31.99 51.77 NOTE
r-devel-linux-x86_64-debian-gcc 0.2.0 13.86 25.02 38.88 NOTE
r-devel-linux-x86_64-fedora-clang 0.2.0 83.82 NOTE
r-devel-linux-x86_64-fedora-gcc 0.2.0 73.62 NOTE
r-devel-windows-x86_64 0.2.0 34.00 77.00 111.00 NOTE
r-patched-linux-x86_64 0.2.0 14.78 31.02 45.80 NOTE
r-release-linux-x86_64 0.2.0 16.72 31.35 48.07 NOTE
r-release-macos-arm64 0.2.0 21.00 NOTE
r-release-macos-x86_64 0.2.0 32.00 NOTE
r-release-windows-x86_64 0.2.0 94.00 82.00 176.00 NOTE
r-oldrel-macos-arm64 0.2.0 25.00 NOTE
r-oldrel-macos-x86_64 0.2.0 42.00 NOTE
r-oldrel-windows-ix86+x86_64 0.2.0 48.00 80.00 128.00 NOTE

Check Details

Version: 0.2.0
Check: LazyData
Result: NOTE
     'LazyData' is specified without a 'data' directory
Flavors: r-devel-linux-x86_64-debian-clang, r-devel-linux-x86_64-debian-gcc, r-devel-linux-x86_64-fedora-clang, r-devel-linux-x86_64-fedora-gcc, r-devel-windows-x86_64, r-patched-linux-x86_64, r-release-linux-x86_64, r-release-macos-arm64, r-release-macos-x86_64, r-release-windows-x86_64, r-oldrel-macos-arm64, r-oldrel-macos-x86_64, r-oldrel-windows-ix86+x86_64