CRAN Package Check Results for Package pomdpSolve

Last updated on 2022-08-16 09:54:45 CEST.

Flavor Version Tinstall Tcheck Ttotal Status Flags
r-devel-linux-x86_64-debian-clang 1.0.0 20.51 20.85 41.36 OK
r-devel-linux-x86_64-debian-gcc 1.0.0 17.94 16.19 34.13 OK
r-devel-linux-x86_64-fedora-clang 1.0.0 62.56 NOTE
r-devel-linux-x86_64-fedora-gcc 1.0.0 64.12 OK
r-devel-windows-x86_64 1.0.0 92.00 44.00 136.00 OK
r-patched-linux-x86_64 1.0.0 17.29 20.17 37.46 OK
r-release-linux-x86_64 1.0.0 17.57 20.13 37.70 OK
r-release-macos-arm64 1.0.0 22.00 OK
r-release-macos-x86_64 1.0.0 30.00 OK
r-release-windows-x86_64 1.0.0 45.00 46.00 91.00 OK
r-oldrel-macos-arm64 1.0.0 21.00 OK
r-oldrel-macos-x86_64 1.0.0 30.00 OK
r-oldrel-windows-ix86+x86_64 1.0.0 61.00 31.00 92.00 OK

Check Details

Version: 1.0.0
Check: Rd cross-references
Result: NOTE
    Undeclared package ‘pomdp’ in Rd xrefs
Flavor: r-devel-linux-x86_64-fedora-clang