CRAN Package Check Results for Package portalr

Last updated on 2020-01-21 14:47:30 CET.

Flavor Version Tinstall Tcheck Ttotal Status Flags
r-devel-linux-x86_64-debian-clang 0.3.1 5.20 255.88 261.08 OK
r-devel-linux-x86_64-debian-gcc 0.3.1 4.91 211.14 216.05 OK
r-devel-linux-x86_64-fedora-clang 0.3.1 321.54 OK
r-devel-linux-x86_64-fedora-gcc 0.3.1 307.95 OK
r-devel-windows-ix86+x86_64 0.3.1 23.00 340.00 363.00 OK
r-devel-windows-ix86+x86_64-gcc8 0.3.1 19.00 336.00 355.00 OK
r-patched-linux-x86_64 0.3.1 5.06 246.71 251.77 OK
r-patched-solaris-x86 0.3.1 525.20 OK
r-release-linux-x86_64 0.3.1 4.28 241.53 245.81 OK
r-release-windows-ix86+x86_64 0.3.1 17.00 345.00 362.00 OK
r-release-osx-x86_64 0.3.1 OK
r-oldrel-windows-ix86+x86_64 0.3.1 7.00 231.00 238.00 ERROR
r-oldrel-osx-x86_64 0.3.1 OK

Check Details

Version: 0.3.1
Check: tests
Result: ERROR
     Running 'testthat.R' [176s]
    Running the tests in 'tests/testthat.R' failed.
    Complete output:
     > library(testthat)
     > library(portalr)
     >
     > test_check("portalr")
     -- 1. Error: (unknown) (@test-11-phenocam.R#4) --------------------------------
     cannot open the connection
     Backtrace:
     1. portalr::phenocam("daily", path = portal_data_path)
     5. utils::read.csv(...)
     6. utils::read.table(...)
     8. base::open.connection(file, "rt")
    
     -- 2. Error: data generated by default setting is same (phenocam) -------------
     cannot open the connection
     Backtrace:
     1. portalr::phenocam(path = portal_data_path)
     5. utils::read.csv(...)
     6. utils::read.table(...)
     8. base::open.connection(file, "rt")
    
     == testthat results ===========================================================
     [ OK: 189 | SKIPPED: 10 | WARNINGS: 2 | FAILED: 2 ]
     1. Error: (unknown) (@test-11-phenocam.R#4)
     2. Error: data generated by default setting is same (phenocam)
    
     Error: testthat unit tests failed
     In addition: Warning message:
     In match.arg(numerals) :
     closing unused connection 4 (http://phenocam.sr.unh.edu/data/archive/portal/ROI/portal_SH_1000_1day.csv)
     Execution halted
Flavor: r-oldrel-windows-ix86+x86_64