Last updated on 2022-06-26 11:17:24 CEST.
Flavor | Version | Tinstall | Tcheck | Ttotal | Status | Flags |
---|---|---|---|---|---|---|
r-devel-linux-x86_64-debian-clang | 1.2 | 2.05 | 22.84 | 24.89 | NOTE | |
r-devel-linux-x86_64-debian-gcc | 1.2 | 1.60 | 17.85 | 19.45 | NOTE | |
r-devel-linux-x86_64-fedora-clang | 1.2 | 41.43 | NOTE | |||
r-devel-linux-x86_64-fedora-gcc | 1.2 | 40.08 | NOTE | |||
r-devel-windows-x86_64 | 1.2 | 21.00 | 49.00 | 70.00 | NOTE | |
r-patched-linux-x86_64 | 1.2 | 1.63 | 21.95 | 23.58 | NOTE | |
r-release-linux-x86_64 | 1.2 | 1.58 | 22.17 | 23.75 | NOTE | |
r-release-macos-arm64 | 1.2 | 16.00 | NOTE | |||
r-release-macos-x86_64 | 1.2 | 20.00 | NOTE | |||
r-release-windows-x86_64 | 1.2 | 14.00 | 48.00 | 62.00 | NOTE | |
r-oldrel-macos-arm64 | 1.2 | 20.00 | NOTE | |||
r-oldrel-macos-x86_64 | 1.2 | 25.00 | NOTE | |||
r-oldrel-windows-ix86+x86_64 | 1.2 | 6.00 | 40.00 | 46.00 | NOTE |
Version: 1.2
Check: LazyData
Result: NOTE
'LazyData' is specified without a 'data' directory
Flavors: r-devel-linux-x86_64-debian-clang, r-devel-linux-x86_64-debian-gcc, r-devel-linux-x86_64-fedora-clang, r-devel-linux-x86_64-fedora-gcc, r-devel-windows-x86_64, r-patched-linux-x86_64, r-release-linux-x86_64, r-release-macos-arm64, r-release-macos-x86_64, r-release-windows-x86_64, r-oldrel-macos-arm64, r-oldrel-macos-x86_64, r-oldrel-windows-ix86+x86_64