CRAN Package Check Results for Package powdR

Last updated on 2022-06-25 23:56:25 CEST.

Flavor Version Tinstall Tcheck Ttotal Status Flags
r-devel-linux-x86_64-debian-clang 1.3.0 10.24 256.00 266.24 OK
r-devel-linux-x86_64-debian-gcc 1.3.0 9.07 177.90 186.97 OK
r-devel-linux-x86_64-fedora-clang 1.3.0 325.72 NOTE
r-devel-linux-x86_64-fedora-gcc 1.3.0 311.97 OK
r-devel-windows-x86_64 1.3.0 37.00 295.00 332.00 OK
r-patched-linux-x86_64 1.3.0 11.95 243.42 255.37 OK
r-release-linux-x86_64 1.3.0 9.32 240.48 249.80 OK
r-release-macos-arm64 1.3.0 103.00 OK
r-release-macos-x86_64 1.3.0 166.00 OK
r-release-windows-x86_64 1.3.0 37.00 300.00 337.00 OK
r-oldrel-macos-arm64 1.3.0 107.00 OK
r-oldrel-macos-x86_64 1.3.0 115.00 OK
r-oldrel-windows-ix86+x86_64 1.3.0 24.00 100.00 124.00 WARN

Check Details

Version: 1.3.0
Check: installed package size
Result: NOTE
     installed size is 5.0Mb
     sub-directories of 1Mb or more:
     data 1.1Mb
     doc 3.0Mb
Flavor: r-devel-linux-x86_64-fedora-clang

Version: 1.3.0
Check: re-building of vignette outputs
Result: WARN
    Error(s) in re-building vignettes:
    --- re-building 'Loading_and_manipulating.Rmd' using rmarkdown
    Error: processing vignette 'Loading_and_manipulating.Rmd' failed with diagnostics:
    Using anchor_sections requires Pandoc 2.0+
    --- failed re-building 'Loading_and_manipulating.Rmd'
    
    --- re-building 'full_pattern_summation.Rmd' using rmarkdown
    Error: processing vignette 'full_pattern_summation.Rmd' failed with diagnostics:
    Using anchor_sections requires Pandoc 2.0+
    --- failed re-building 'full_pattern_summation.Rmd'
    
    SUMMARY: processing the following files failed:
     'Loading_and_manipulating.Rmd' 'full_pattern_summation.Rmd'
    
    Error: Vignette re-building failed.
    Execution halted
Flavor: r-oldrel-windows-ix86+x86_64