CRAN Package Check Results for Package ppgmmga

Last updated on 2022-12-02 18:50:19 CET.

Flavor Version Tinstall Tcheck Ttotal Status Flags
r-devel-linux-x86_64-debian-clang 1.2 51.94 69.96 121.90 NOTE
r-devel-linux-x86_64-debian-gcc 1.2 47.34 52.68 100.02 NOTE
r-devel-linux-x86_64-fedora-clang 1.2 187.37 NOTE
r-devel-linux-x86_64-fedora-gcc 1.2 292.48 NOTE
r-devel-windows-x86_64 1.2 266.00 124.00 390.00 NOTE
r-patched-linux-x86_64 1.2 52.59 65.44 118.03 NOTE
r-release-linux-x86_64 1.2 42.28 172.34 214.62 NOTE
r-release-macos-arm64 1.2 77.00 NOTE
r-release-macos-x86_64 1.2 123.00 NOTE
r-release-windows-x86_64 1.2 55.00 238.00 293.00 NOTE
r-oldrel-macos-arm64 1.2 70.00 NOTE
r-oldrel-macos-x86_64 1.2 97.00 NOTE
r-oldrel-windows-ix86+x86_64 1.2 140.00 125.00 265.00 NOTE

Check Details

Version: 1.2
Check: LazyData
Result: NOTE
     'LazyData' is specified without a 'data' directory
Flavors: r-devel-linux-x86_64-debian-clang, r-devel-linux-x86_64-debian-gcc, r-devel-linux-x86_64-fedora-clang, r-devel-linux-x86_64-fedora-gcc, r-devel-windows-x86_64, r-patched-linux-x86_64, r-release-linux-x86_64, r-release-macos-arm64, r-release-macos-x86_64, r-release-windows-x86_64, r-oldrel-macos-arm64, r-oldrel-macos-x86_64, r-oldrel-windows-ix86+x86_64