CRAN Package Check Results for Package prais

Last updated on 2019-09-15 05:46:23 CEST.

Flavor Version Tinstall Tcheck Ttotal Status Flags
r-devel-linux-x86_64-debian-clang 1.1.1 2.14 18.88 21.02 OK
r-devel-linux-x86_64-debian-gcc 1.1.1 1.65 15.27 16.92 OK
r-devel-linux-x86_64-fedora-clang 1.1.1 25.16 NOTE
r-devel-linux-x86_64-fedora-gcc 1.1.1 27.74 NOTE
r-devel-windows-ix86+x86_64 1.1.1 8.00 30.00 38.00 OK
r-patched-linux-x86_64 1.1.1 1.96 18.38 20.34 OK
r-patched-solaris-x86 1.1.1 36.60 NOTE
r-release-linux-x86_64 1.1.1 2.02 18.35 20.37 OK
r-release-windows-ix86+x86_64 1.1.1 5.00 48.00 53.00 OK
r-release-osx-x86_64 1.1.1 NOTE
r-oldrel-windows-ix86+x86_64 1.1.1 4.00 30.00 34.00 OK
r-oldrel-osx-x86_64 1.1.1 NOTE

Check Details

Version: 1.1.1
Check: dependencies in R code
Result: NOTE
    Namespaces in Imports field not imported from:
     ‘lmtest’ ‘sandwich’
     All declared Imports should be used.
Flavors: r-devel-linux-x86_64-fedora-clang, r-devel-linux-x86_64-fedora-gcc, r-patched-solaris-x86, r-release-osx-x86_64, r-oldrel-osx-x86_64