CRAN Package Check Results for Package prais

Last updated on 2020-01-23 04:47:45 CET.

Flavor Version Tinstall Tcheck Ttotal Status Flags
r-devel-linux-x86_64-debian-clang 1.1.1 1.89 19.48 21.37 OK
r-devel-linux-x86_64-debian-gcc 1.1.1 1.66 15.52 17.18 OK
r-devel-linux-x86_64-fedora-clang 1.1.1 27.55 NOTE
r-devel-linux-x86_64-fedora-gcc 1.1.1 26.48 NOTE
r-devel-windows-ix86+x86_64 1.1.1 10.00 43.00 53.00 OK
r-devel-windows-ix86+x86_64-gcc8 1.1.1 10.00 45.00 55.00 OK
r-patched-linux-x86_64 1.1.1 1.52 18.03 19.55 OK
r-patched-solaris-x86 1.1.1 36.20 NOTE
r-release-linux-x86_64 1.1.1 2.00 18.39 20.39 OK
r-release-windows-ix86+x86_64 1.1.1 5.00 40.00 45.00 OK
r-release-osx-x86_64 1.1.1 NOTE
r-oldrel-windows-ix86+x86_64 1.1.1 3.00 41.00 44.00 OK
r-oldrel-osx-x86_64 1.1.1 NOTE

Check Details

Version: 1.1.1
Check: dependencies in R code
Result: NOTE
    Namespaces in Imports field not imported from:
     ‘lmtest’ ‘sandwich’
     All declared Imports should be used.
Flavors: r-devel-linux-x86_64-fedora-clang, r-devel-linux-x86_64-fedora-gcc, r-patched-solaris-x86, r-release-osx-x86_64, r-oldrel-osx-x86_64