CRAN Package Check Results for Package pre

Last updated on 2022-01-24 21:51:20 CET.

Flavor Version Tinstall Tcheck Ttotal Status Flags
r-devel-linux-x86_64-debian-clang 1.0.1 11.53 145.54 157.07 OK
r-devel-linux-x86_64-debian-gcc 1.0.1 11.58 108.66 120.24 OK
r-devel-linux-x86_64-fedora-clang 1.0.1 191.63 NOTE
r-devel-linux-x86_64-fedora-gcc 1.0.1 187.04 OK
r-devel-windows-x86_64-new-UL 1.0.1 115.00 169.00 284.00 OK
r-devel-windows-x86_64-new-TK 1.0.1 NOTE
r-patched-linux-x86_64 1.0.1 17.57 140.99 158.56 OK
r-release-linux-x86_64 1.0.1 11.12 143.04 154.16 OK
r-release-macos-arm64 1.0.1 OK
r-release-macos-x86_64 1.0.1 OK
r-release-windows-ix86+x86_64 1.0.1 31.00 179.00 210.00 OK
r-oldrel-macos-x86_64 1.0.1 OK
r-oldrel-windows-ix86+x86_64 1.0.1 29.00 180.00 209.00 OK

Check Details

Version: 1.0.1
Check: Rd cross-references
Result: NOTE
    Undeclared package ‘colorspace’ in Rd xrefs
Flavor: r-devel-linux-x86_64-fedora-clang

Version: 1.0.1
Check: package dependencies
Result: NOTE
    Package suggested but not available for checking: 'glmertree'
Flavor: r-devel-windows-x86_64-new-TK