Last updated on 2021-03-04 13:48:35 CET.
Flavor | Version | Tinstall | Tcheck | Ttotal | Status | Flags |
---|---|---|---|---|---|---|
r-devel-linux-x86_64-debian-clang | 1.1.5 | 2.30 | 21.32 | 23.62 | OK | |
r-devel-linux-x86_64-debian-gcc | 1.1.5 | 1.95 | 16.54 | 18.49 | OK | |
r-devel-linux-x86_64-fedora-clang | 1.1.7 | 37.49 | NOTE | |||
r-devel-linux-x86_64-fedora-gcc | 1.1.7 | 27.83 | NOTE | |||
r-devel-windows-ix86+x86_64 | 1.1.4 | 8.00 | 27.00 | 35.00 | OK | |
r-patched-linux-x86_64 | 1.1.4 | 2.51 | 20.17 | 22.68 | OK | |
r-patched-solaris-x86 | 1.1.7 | 44.50 | NOTE | |||
r-release-linux-x86_64 | 1.1.5 | 2.42 | 20.20 | 22.62 | OK | |
r-release-macos-x86_64 | 1.1.4 | NOTE | ||||
r-release-windows-ix86+x86_64 | 1.1.4 | 6.00 | 28.00 | 34.00 | OK | |
r-oldrel-macos-x86_64 | 1.1.5 | NOTE | ||||
r-oldrel-windows-ix86+x86_64 | 1.1.4 | 5.00 | 36.00 | 41.00 | OK |
Version: 1.1.7
Check: package dependencies
Result: NOTE
Imports includes 22 non-default packages.
Importing from so many packages makes the package vulnerable to any of
them becoming unavailable. Move as many as possible to Suggests and
use conditionally.
Flavor: r-devel-linux-x86_64-fedora-clang
Version: 1.1.7
Check: dependencies in R code
Result: NOTE
Namespaces in Imports field not imported from:
‘DT’ ‘ROCR’ ‘ada’ ‘colourpicker’ ‘corrplot’ ‘e1071’ ‘flexdashboard’
‘glmnet’ ‘kknn’ ‘neuralnet’ ‘plyr’ ‘randomForest’ ‘rattle’ ‘rpart’
‘shinyAce’ ‘shinyWidgets’ ‘shinydashboardPlus’ ‘shinyjs’ ‘tidyverse’
‘xgboost’ ‘zip’
All declared Imports should be used.
Flavors: r-devel-linux-x86_64-fedora-clang, r-devel-linux-x86_64-fedora-gcc, r-patched-solaris-x86
Version: 1.1.4
Check: dependencies in R code
Result: NOTE
Namespaces in Imports field not imported from:
‘DT’ ‘ROCR’ ‘ada’ ‘colourpicker’ ‘corrplot’ ‘e1071’ ‘flexdashboard’
‘glmnet’ ‘kknn’ ‘neuralnet’ ‘plyr’ ‘randomForest’ ‘rattle’ ‘rpart’
‘shinyAce’ ‘shinyWidgets’ ‘shinydashboardPlus’ ‘shinyjs’ ‘tidyverse’
‘xgboost’ ‘zip’
All declared Imports should be used.
Flavor: r-release-macos-x86_64
Version: 1.1.5
Check: dependencies in R code
Result: NOTE
Namespaces in Imports field not imported from:
‘DT’ ‘ROCR’ ‘ada’ ‘colourpicker’ ‘corrplot’ ‘e1071’ ‘flexdashboard’
‘glmnet’ ‘kknn’ ‘neuralnet’ ‘plyr’ ‘randomForest’ ‘rattle’ ‘rpart’
‘shinyAce’ ‘shinyWidgets’ ‘shinydashboardPlus’ ‘shinyjs’ ‘tidyverse’
‘xgboost’ ‘zip’
All declared Imports should be used.
Flavor: r-oldrel-macos-x86_64