CRAN Package Check Results for Package prefeR

Last updated on 2020-02-17 17:52:19 CET.

Flavor Version Tinstall Tcheck Ttotal Status Flags
r-devel-linux-x86_64-debian-clang 0.1.1 2.86 54.77 57.63 OK
r-devel-linux-x86_64-debian-gcc 0.1.1 2.47 41.81 44.28 OK
r-devel-linux-x86_64-fedora-clang 0.1.1 76.20 WARN
r-devel-linux-x86_64-fedora-gcc 0.1.1 70.65 OK
r-devel-windows-ix86+x86_64 0.1.1 8.00 48.00 56.00 OK
r-devel-windows-ix86+x86_64-gcc8 0.1.1 11.00 56.00 67.00 OK
r-patched-linux-x86_64 0.1.1 2.05 47.31 49.36 OK
r-patched-solaris-x86 0.1.1 65.40 OK
r-release-linux-x86_64 0.1.1 1.87 49.03 50.90 OK
r-release-windows-ix86+x86_64 0.1.1 5.00 47.00 52.00 OK
r-release-osx-x86_64 0.1.1 OK
r-oldrel-windows-ix86+x86_64 0.1.1 4.00 64.00 68.00 OK
r-oldrel-osx-x86_64 0.1.1 OK

Check Details

Version: 0.1.1
Check: package dependencies
Result: WARN
    Requires orphaned package: ‘mcmc’
Flavor: r-devel-linux-x86_64-fedora-clang