CRAN Package Check Results for Package prettyR

Last updated on 2020-02-19 22:57:28 CET.

Flavor Version Tinstall Tcheck Ttotal Status Flags
r-devel-linux-x86_64-debian-clang 2.2-3 3.11 26.60 29.71 NOTE
r-devel-linux-x86_64-debian-gcc 2.2-3 3.09 21.20 24.29 NOTE
r-devel-linux-x86_64-fedora-clang 2.2-3 38.02 NOTE
r-devel-linux-x86_64-fedora-gcc 2.2-3 35.66 NOTE
r-devel-windows-ix86+x86_64 2.2-3 7.00 36.00 43.00 OK
r-devel-windows-ix86+x86_64-gcc8 2.2-3 13.00 42.00 55.00 OK
r-patched-linux-x86_64 2.2-3 2.44 23.99 26.43 OK
r-patched-solaris-x86 2.2-3 47.00 OK
r-release-linux-x86_64 2.2-3 2.26 24.18 26.44 OK
r-release-windows-ix86+x86_64 2.2-3 8.00 173.00 181.00 OK
r-release-osx-x86_64 2.2-3 OK
r-oldrel-windows-ix86+x86_64 2.2-3 4.00 32.00 36.00 OK
r-oldrel-osx-x86_64 2.2-3 OK

Check Details

Version: 2.2-3
Check: for non-standard things in the check directory
Result: NOTE
    Found the following files/directories:
     'hista.png' 'plotcd.png' 'test.R' 'test.html' 'testR2html.R'
     'testglm.csv' 'testglm.html' 'testglm.tab'
Flavors: r-devel-linux-x86_64-debian-clang, r-devel-linux-x86_64-debian-gcc, r-devel-linux-x86_64-fedora-clang, r-devel-linux-x86_64-fedora-gcc