CRAN Package Check Results for Package pricelevels

Last updated on 2024-07-20 19:52:58 CEST.

Flavor Version Tinstall Tcheck Ttotal Status Flags
r-devel-linux-x86_64-debian-clang 1.3.0 6.13 98.07 104.20 OK
r-devel-linux-x86_64-debian-gcc 1.3.0 4.56 75.20 79.76 OK
r-devel-linux-x86_64-fedora-clang 1.3.0 141.08 OK
r-devel-linux-x86_64-fedora-gcc 1.3.0 135.58 OK
r-devel-windows-x86_64 1.3.0 6.00 90.00 96.00 NOTE
r-patched-linux-x86_64 1.3.0 8.15 97.99 106.14 OK
r-release-linux-x86_64 1.3.0 7.77 95.88 103.65 OK
r-release-macos-arm64 1.3.0 65.00 OK
r-release-macos-x86_64 1.3.0 73.00 OK
r-release-windows-x86_64 1.3.0 6.00 88.00 94.00 OK
r-oldrel-macos-arm64 1.3.0 63.00 OK
r-oldrel-macos-x86_64 1.3.0 118.00 OK
r-oldrel-windows-x86_64 1.3.0 6.00 100.00 106.00 OK

Check Details

Version: 1.3.0
Check: Rd cross-references
Result: NOTE Found the following Rd file(s) with Rd \link{} targets missing package anchors: cpd.Rd: nls.lm Please provide package anchors for all Rd \link{} targets not in the package itself and the base packages. Flavor: r-devel-windows-x86_64