Last updated on 2023-01-29 08:57:09 CET.
Flavor | Version | Tinstall | Tcheck | Ttotal | Status | Flags |
---|---|---|---|---|---|---|
r-devel-linux-x86_64-debian-clang | 0.4.1 | 276.80 | 109.62 | 386.42 | NOTE | |
r-devel-linux-x86_64-debian-gcc | 0.4.1 | 208.90 | 82.42 | 291.32 | NOTE | |
r-devel-linux-x86_64-fedora-clang | 0.4.1 | 549.98 | NOTE | |||
r-devel-linux-x86_64-fedora-gcc | 0.4.1 | 542.43 | NOTE | |||
r-devel-windows-x86_64 | 0.4.1 | 312.00 | 169.00 | 481.00 | NOTE | |
r-patched-linux-x86_64 | 0.4.1 | 200.04 | 103.03 | 303.07 | NOTE | |
r-release-linux-x86_64 | 0.4.1 | 198.18 | 103.14 | 301.32 | NOTE | |
r-release-macos-arm64 | 0.4.1 | 103.00 | NOTE | |||
r-release-macos-x86_64 | 0.4.1 | 153.00 | NOTE | |||
r-release-windows-x86_64 | 0.4.1 | 376.00 | 163.00 | 539.00 | NOTE | |
r-oldrel-macos-arm64 | 0.4.1 | 96.00 | NOTE | |||
r-oldrel-macos-x86_64 | 0.4.1 | 154.00 | NOTE | |||
r-oldrel-windows-ix86+x86_64 | 0.4.1 | 716.00 | 182.00 | 898.00 | NOTE |
Version: 0.4.1
Check: package dependencies
Result: NOTE
Package suggested but not available for checking: ‘gurobi’
Flavors: r-devel-linux-x86_64-debian-clang, r-devel-linux-x86_64-debian-gcc, r-patched-linux-x86_64, r-release-linux-x86_64
Version: 0.4.1
Check: C++ specification
Result: NOTE
Specified C++11: please update to current default of C++17
Flavors: r-devel-linux-x86_64-debian-gcc, r-devel-linux-x86_64-fedora-clang, r-devel-linux-x86_64-fedora-gcc, r-devel-windows-x86_64
Version: 0.4.1
Check: package dependencies
Result: NOTE
Packages suggested but not available for checking: 'gurobi', 'Rcplex'
Flavors: r-devel-linux-x86_64-fedora-clang, r-devel-linux-x86_64-fedora-gcc, r-devel-windows-x86_64, r-release-macos-arm64, r-release-macos-x86_64, r-release-windows-x86_64, r-oldrel-macos-arm64, r-oldrel-macos-x86_64, r-oldrel-windows-ix86+x86_64
Version: 0.4.1
Check: installed package size
Result: NOTE
installed size is 5.7Mb
sub-directories of 1Mb or more:
doc 3.3Mb
libs 1.3Mb
Flavors: r-devel-windows-x86_64, r-release-macos-arm64, r-release-macos-x86_64, r-release-windows-x86_64, r-oldrel-macos-arm64, r-oldrel-macos-x86_64, r-oldrel-windows-ix86+x86_64