CRAN Package Check Results for Package profoc

Last updated on 2022-01-27 13:49:58 CET.

Flavor Version Tinstall Tcheck Ttotal Status Flags
r-devel-linux-x86_64-debian-clang 0.8.5 173.52 145.97 319.49 OK
r-devel-linux-x86_64-debian-gcc 0.8.5 137.93 112.61 250.54 OK
r-devel-linux-x86_64-fedora-clang 0.8.5 444.75 NOTE
r-devel-linux-x86_64-fedora-gcc 0.8.5 410.55 OK
r-devel-windows-x86_64-new-UL 0.8.5 216.00 191.00 407.00 OK
r-devel-windows-x86_64-new-TK 0.8.5 OK
r-patched-linux-x86_64 0.8.5 143.84 139.45 283.29 OK
r-release-linux-x86_64 0.8.5 145.18 139.80 284.98 OK
r-release-macos-arm64 0.8.5 NOTE
r-release-macos-x86_64 0.8.5 NOTE
r-release-windows-ix86+x86_64 0.8.5 384.00 283.00 667.00 OK
r-oldrel-macos-x86_64 0.8.5 NOTE
r-oldrel-windows-ix86+x86_64 0.8.5 384.00 290.00 674.00 OK

Check Details

Version: 0.8.5
Check: installed package size
Result: NOTE
     installed size is 10.4Mb
     sub-directories of 1Mb or more:
     libs 9.8Mb
Flavors: r-devel-linux-x86_64-fedora-clang, r-release-macos-arm64, r-release-macos-x86_64, r-oldrel-macos-x86_64