CRAN Package Check Results for Package progress

Last updated on 2024-06-12 23:58:29 CEST.

Flavor Version Tinstall Tcheck Ttotal Status Flags
r-devel-linux-x86_64-debian-clang 1.2.3 4.76 34.54 39.30 OK
r-devel-linux-x86_64-debian-gcc 1.2.3 0.26 1.68 1.94 ERROR
r-devel-linux-x86_64-fedora-clang 1.2.3 49.68 OK
r-devel-linux-x86_64-fedora-gcc 1.2.3 47.01 OK
r-devel-windows-x86_64 1.2.3 5.00 47.00 52.00 OK
r-patched-linux-x86_64 1.2.3 3.88 34.04 37.92 OK
r-release-linux-x86_64 1.2.3 4.51 34.13 38.64 OK
r-release-macos-arm64 1.2.3 20.00 OK
r-release-macos-x86_64 1.2.3 30.00 OK
r-release-windows-x86_64 1.2.3 5.00 49.00 54.00 OK
r-oldrel-macos-arm64 1.2.3 23.00 OK
r-oldrel-macos-x86_64 1.2.3 34.00 OK
r-oldrel-windows-x86_64 1.2.3 7.00 50.00 57.00 OK

Check Details

Version: 1.2.3
Check: package dependencies
Result: ERROR Package required but not available: ‘hms’ Package suggested but not available for checking: ‘testthat’ See section ‘The DESCRIPTION file’ in the ‘Writing R Extensions’ manual. Flavor: r-devel-linux-x86_64-debian-gcc