Last updated on 2022-08-10 13:49:26 CEST.
Flavor | Version | Tinstall | Tcheck | Ttotal | Status | Flags |
---|---|---|---|---|---|---|
r-devel-linux-x86_64-debian-clang | 1.5.6.70 | 805.58 | 137.44 | 943.02 | NOTE | |
r-devel-linux-x86_64-debian-gcc | 1.5.6.70 | 771.18 | 136.41 | 907.59 | NOTE | |
r-devel-linux-x86_64-fedora-clang | 1.5.6.70 | 1380.91 | NOTE | |||
r-devel-linux-x86_64-fedora-gcc | 1.5.6.70 | 1501.25 | NOTE | |||
r-devel-windows-x86_64 | 1.5.6.70 | 528.00 | 247.00 | 775.00 | NOTE | |
r-patched-linux-x86_64 | 1.5.6.70 | 632.13 | 178.80 | 810.93 | NOTE | |
r-release-linux-x86_64 | 1.5.6.70 | ERROR | ||||
r-release-macos-arm64 | 1.5.6.70 | 305.00 | NOTE | |||
r-release-macos-x86_64 | 1.5.6.70 | 459.00 | NOTE | |||
r-release-windows-x86_64 | 1.5.6.70 | 613.00 | 238.00 | 851.00 | NOTE | |
r-oldrel-macos-arm64 | 1.5.6.70 | 315.00 | NOTE | |||
r-oldrel-macos-x86_64 | 1.5.6.70 | 424.00 | NOTE | |||
r-oldrel-windows-ix86+x86_64 | 1.5.6.70 | 753.00 | 11.00 | 764.00 | ERROR |
Version: 1.5.6.70
Check: for GNU extensions in Makefiles
Result: NOTE
GNU make is a SystemRequirements.
Flavors: r-devel-linux-x86_64-debian-clang, r-devel-linux-x86_64-debian-gcc, r-devel-linux-x86_64-fedora-clang, r-devel-linux-x86_64-fedora-gcc, r-devel-windows-x86_64, r-patched-linux-x86_64, r-release-macos-arm64, r-release-macos-x86_64, r-release-windows-x86_64, r-oldrel-macos-arm64, r-oldrel-macos-x86_64
Version: 1.5.6.70
Check: installed package size
Result: NOTE
installed size is 76.3Mb
sub-directories of 1Mb or more:
libs 75.9Mb
Flavors: r-devel-linux-x86_64-fedora-clang, r-devel-windows-x86_64, r-release-macos-arm64, r-release-macos-x86_64, r-release-windows-x86_64, r-oldrel-macos-arm64, r-oldrel-macos-x86_64
Version: 1.5.6.70
Check: dependencies in R code
Result: NOTE
Namespace in Imports field not imported from: ‘RcppParallel’
All declared Imports should be used.
Flavors: r-devel-linux-x86_64-fedora-clang, r-devel-linux-x86_64-fedora-gcc, r-release-macos-arm64, r-release-macos-x86_64, r-oldrel-macos-arm64, r-oldrel-macos-x86_64
Version: 1.5.6.70
Check: whether package can be installed
Result: ERROR
Installation failed.
Flavors: r-release-linux-x86_64, r-oldrel-windows-ix86+x86_64