CRAN Package Check Results for Package promises

Last updated on 2022-06-26 07:53:50 CEST.

Flavor Version Tinstall Tcheck Ttotal Status Flags
r-devel-linux-x86_64-debian-clang 1.2.0.1 23.96 52.27 76.23 NOTE
r-devel-linux-x86_64-debian-gcc 1.2.0.1 18.61 40.65 59.26 NOTE
r-devel-linux-x86_64-fedora-clang 1.2.0.1 109.18 NOTE
r-devel-linux-x86_64-fedora-gcc 1.2.0.1 103.02 NOTE
r-devel-windows-x86_64 1.2.0.1 67.00 130.00 197.00 NOTE
r-patched-linux-x86_64 1.2.0.1 19.79 49.89 69.68 NOTE
r-release-linux-x86_64 1.2.0.1 19.96 51.12 71.08 NOTE
r-release-macos-arm64 1.2.0.1 45.00 NOTE
r-release-macos-x86_64 1.2.0.1 56.00 NOTE
r-release-windows-x86_64 1.2.0.1 93.00 136.00 229.00 NOTE
r-oldrel-macos-arm64 1.2.0.1 46.00 NOTE
r-oldrel-macos-x86_64 1.2.0.1 73.00 NOTE
r-oldrel-windows-ix86+x86_64 1.2.0.1 55.00 127.00 182.00 NOTE

Check Details

Version: 1.2.0.1
Check: LazyData
Result: NOTE
     'LazyData' is specified without a 'data' directory
Flavors: r-devel-linux-x86_64-debian-clang, r-devel-linux-x86_64-debian-gcc, r-devel-linux-x86_64-fedora-clang, r-devel-linux-x86_64-fedora-gcc, r-devel-windows-x86_64, r-patched-linux-x86_64, r-release-linux-x86_64, r-release-macos-arm64, r-release-macos-x86_64, r-release-windows-x86_64, r-oldrel-macos-arm64, r-oldrel-macos-x86_64, r-oldrel-windows-ix86+x86_64