CRAN Package Check Results for Package promises

Last updated on 2024-06-21 14:58:24 CEST.

Flavor Version Tinstall Tcheck Ttotal Status Flags
r-devel-linux-x86_64-debian-clang 1.3.0 28.31 61.43 89.74 OK
r-devel-linux-x86_64-debian-gcc 1.3.0 16.87 47.10 63.97 OK
r-devel-linux-x86_64-fedora-clang 1.3.0 114.96 OK
r-devel-linux-x86_64-fedora-gcc 1.3.0 124.52 OK
r-devel-windows-x86_64 1.3.0 23.00 94.00 117.00 OK
r-patched-linux-x86_64 1.3.0 21.74 58.92 80.66 OK
r-release-linux-x86_64 1.3.0 21.11 60.61 81.72 OK
r-release-macos-arm64 1.3.0 58.00 OK
r-release-macos-x86_64 1.3.0 68.00 ERROR
r-release-windows-x86_64 1.3.0 23.00 101.00 124.00 OK
r-oldrel-macos-arm64 1.3.0 64.00 OK
r-oldrel-macos-x86_64 1.3.0 116.00 OK
r-oldrel-windows-x86_64 1.3.0 29.00 109.00 138.00 OK

Check Details

Version: 1.3.0
Check: re-building of vignette outputs
Result: ERROR Error(s) in re-building vignettes: --- re-building ‘promises_01_motivation.Rmd’ using rmarkdown --- finished re-building ‘promises_01_motivation.Rmd’ --- re-building ‘promises_02_intro.Rmd’ using rmarkdown --- finished re-building ‘promises_02_intro.Rmd’ --- re-building ‘promises_03_overview.Rmd’ using rmarkdown --- finished re-building ‘promises_03_overview.Rmd’ --- re-building ‘promises_04_futures.Rmd’ using rmarkdown Error: processing vignette 'promises_04_futures.Rmd' failed with diagnostics: there is no package called ‘jquerylib’ --- failed re-building ‘promises_04_futures.Rmd’ --- re-building ‘promises_05_future_promise.Rmd’ using rmarkdown --- finished re-building ‘promises_05_future_promise.Rmd’ --- re-building ‘promises_06_shiny.Rmd’ using rmarkdown --- finished re-building ‘promises_06_shiny.Rmd’ --- re-building ‘promises_07_combining.Rmd’ using rmarkdown --- finished re-building ‘promises_07_combining.Rmd’ --- re-building ‘promises_08_casestudy.Rmd’ using rmarkdown --- finished re-building ‘promises_08_casestudy.Rmd’ SUMMARY: processing the following file failed: ‘promises_04_futures.Rmd’ Error: Vignette re-building failed. Execution halted Flavor: r-release-macos-x86_64