CRAN Package Check Results for Package prompt

Last updated on 2022-08-08 01:54:42 CEST.

Flavor Version Tinstall Tcheck Ttotal Status Flags
r-devel-linux-x86_64-debian-clang 1.0.1 2.76 32.71 35.47 NOTE
r-devel-linux-x86_64-debian-gcc 1.0.1 2.58 24.93 27.51 NOTE
r-devel-linux-x86_64-fedora-clang 1.0.1 55.55 NOTE
r-devel-linux-x86_64-fedora-gcc 1.0.1 NOTE
r-devel-windows-x86_64 1.0.1 14.00 60.00 74.00 NOTE
r-patched-linux-x86_64 1.0.1 3.53 31.74 35.27 NOTE
r-release-linux-x86_64 1.0.1 3.34 31.71 35.05 NOTE
r-release-macos-arm64 1.0.1 17.00 NOTE
r-release-macos-x86_64 1.0.1 25.00 NOTE
r-release-windows-x86_64 1.0.1 15.00 58.00 73.00 NOTE
r-oldrel-macos-arm64 1.0.1 22.00 NOTE
r-oldrel-macos-x86_64 1.0.1 32.00 NOTE
r-oldrel-windows-ix86+x86_64 1.0.1 7.00 51.00 58.00 NOTE

Check Details

Version: 1.0.1
Check: LazyData
Result: NOTE
     'LazyData' is specified without a 'data' directory
Flavors: r-devel-linux-x86_64-debian-clang, r-devel-linux-x86_64-debian-gcc, r-devel-linux-x86_64-fedora-clang, r-devel-linux-x86_64-fedora-gcc, r-devel-windows-x86_64, r-patched-linux-x86_64, r-release-linux-x86_64, r-release-macos-arm64, r-release-macos-x86_64, r-release-windows-x86_64, r-oldrel-macos-arm64, r-oldrel-macos-x86_64, r-oldrel-windows-ix86+x86_64