Last updated on 2021-01-27 13:48:56 CET.
Flavor | Version | Tinstall | Tcheck | Ttotal | Status | Flags |
---|---|---|---|---|---|---|
r-devel-linux-x86_64-debian-clang | 4.2.6 | 79.90 | 149.49 | 229.39 | NOTE | |
r-devel-linux-x86_64-debian-gcc | 4.2.6 | NOTE | ||||
r-devel-linux-x86_64-fedora-clang | 4.2.6 | 296.04 | NOTE | |||
r-devel-linux-x86_64-fedora-gcc | 4.2.6 | 296.66 | NOTE | |||
r-devel-windows-ix86+x86_64 | 4.2.6 | 173.00 | 206.00 | 379.00 | NOTE | |
r-patched-linux-x86_64 | 4.2.6 | 64.30 | 139.48 | 203.78 | NOTE | |
r-patched-solaris-x86 | 4.2.6 | 332.80 | NOTE | |||
r-release-linux-x86_64 | 4.2.6 | 60.17 | 139.27 | 199.44 | NOTE | |
r-release-macos-x86_64 | 4.2.6 | NOTE | ||||
r-release-windows-ix86+x86_64 | 4.2.6 | 182.00 | 171.00 | 353.00 | NOTE | |
r-oldrel-macos-x86_64 | 4.2.6 | NOTE | ||||
r-oldrel-windows-ix86+x86_64 | 4.2.6 | 148.00 | 220.00 | 368.00 | NOTE |
Version: 4.2.6
Check: package dependencies
Result: NOTE
Package suggested but not available for checking: 'SDMTools'
Flavors: r-devel-linux-x86_64-debian-clang, r-devel-linux-x86_64-debian-gcc, r-devel-linux-x86_64-fedora-clang, r-devel-linux-x86_64-fedora-gcc, r-patched-linux-x86_64, r-patched-solaris-x86, r-release-linux-x86_64
Version: 4.2.6
Check: installed package size
Result: NOTE
installed size is 6.7Mb
sub-directories of 1Mb or more:
data 1.5Mb
doc 1.4Mb
libs 3.2Mb
Flavors: r-devel-linux-x86_64-fedora-clang, r-devel-windows-ix86+x86_64, r-release-macos-x86_64, r-release-windows-ix86+x86_64, r-oldrel-macos-x86_64, r-oldrel-windows-ix86+x86_64
Version: 4.2.6
Check: dependencies in R code
Result: NOTE
Namespace in Imports field not imported from: ‘utils’
All declared Imports should be used.
Flavors: r-devel-linux-x86_64-fedora-clang, r-devel-linux-x86_64-fedora-gcc, r-patched-solaris-x86, r-release-macos-x86_64, r-oldrel-macos-x86_64
Version: 4.2.6
Check: package dependencies
Result: NOTE
Packages suggested but not available for checking: 'ALDEx2', 'SDMTools'
Flavor: r-release-macos-x86_64
Version: 4.2.6
Check: package dependencies
Result: NOTE
Package suggested but not available for checking: ‘ALDEx2’
Flavor: r-oldrel-macos-x86_64