CRAN Package Check Results for Package prospectr

Last updated on 2022-06-28 09:49:57 CEST.

Flavor Version Tinstall Tcheck Ttotal Status Flags
r-devel-linux-x86_64-debian-clang 0.2.4 46.12 131.46 177.58 OK
r-devel-linux-x86_64-debian-gcc 0.2.4 36.88 98.72 135.60 OK
r-devel-linux-x86_64-fedora-clang 0.2.4 234.83 OK
r-devel-linux-x86_64-fedora-gcc 0.2.4 226.43 OK
r-devel-windows-x86_64 0.2.4 78.00 183.00 261.00 OK
r-patched-linux-x86_64 0.2.4 41.74 127.80 169.54 OK
r-release-linux-x86_64 0.2.4 41.46 125.20 166.66 OK
r-release-macos-arm64 0.2.4 69.00 NOTE
r-release-macos-x86_64 0.2.4 90.00 NOTE
r-release-windows-x86_64 0.2.4 77.00 185.00 262.00 OK
r-oldrel-macos-arm64 0.2.4 68.00 NOTE
r-oldrel-macos-x86_64 0.2.4 91.00 NOTE
r-oldrel-windows-ix86+x86_64 0.2.4 100.00 255.00 355.00 NOTE

Check Details

Version: 0.2.4
Check: installed package size
Result: NOTE
     installed size is 5.7Mb
     sub-directories of 1Mb or more:
     data 2.1Mb
     libs 2.9Mb
Flavors: r-release-macos-arm64, r-release-macos-x86_64, r-oldrel-macos-arm64, r-oldrel-macos-x86_64, r-oldrel-windows-ix86+x86_64