CRAN Package Check Results for Package provViz

Last updated on 2020-12-05 05:48:22 CET.

Flavor Version Tinstall Tcheck Ttotal Status Flags
r-devel-linux-x86_64-debian-clang 1.0.7 2.28 21.74 24.02 NOTE
r-devel-linux-x86_64-debian-gcc 1.0.7 2.11 16.33 18.44 NOTE
r-devel-linux-x86_64-fedora-clang 1.0.7 35.09 NOTE
r-devel-linux-x86_64-fedora-gcc 1.0.7 23.31 NOTE
r-devel-windows-ix86+x86_64 1.0.7 6.00 35.00 41.00 NOTE
r-patched-linux-x86_64 1.0.7 2.16 20.02 22.18 NOTE
r-patched-solaris-x86 1.0.7 37.20 NOTE
r-release-linux-x86_64 1.0.7 2.22 21.96 24.18 NOTE
r-release-macos-x86_64 1.0.7 NOTE
r-release-windows-ix86+x86_64 1.0.7 5.00 37.00 42.00 NOTE
r-oldrel-macos-x86_64 1.0.7 NOTE
r-oldrel-windows-ix86+x86_64 1.0.7 4.00 33.00 37.00 NOTE

Check Details

Version: 1.0.7
Check: package dependencies
Result: NOTE
    Package suggested but not available for checking: 'rdt'
Flavors: r-devel-linux-x86_64-debian-clang, r-devel-linux-x86_64-debian-gcc, r-devel-linux-x86_64-fedora-clang, r-devel-linux-x86_64-fedora-gcc, r-devel-windows-ix86+x86_64, r-patched-linux-x86_64, r-patched-solaris-x86, r-release-linux-x86_64, r-release-macos-x86_64, r-release-windows-ix86+x86_64, r-oldrel-macos-x86_64, r-oldrel-windows-ix86+x86_64