CRAN Package Check Results for Package psda

Last updated on 2022-12-09 15:55:58 CET.

Flavor Version Tinstall Tcheck Ttotal Status Flags
r-devel-linux-x86_64-debian-clang 1.4.0 3.95 45.99 49.94 OK
r-devel-linux-x86_64-debian-gcc 1.4.0 2.98 38.04 41.02 OK
r-devel-linux-x86_64-fedora-clang 1.4.0 74.82 NOTE
r-devel-linux-x86_64-fedora-gcc 1.4.0 81.60 NOTE
r-devel-windows-x86_64 1.4.0 17.00 88.00 105.00 OK
r-patched-linux-x86_64 1.4.0 3.48 43.90 47.38 OK
r-release-linux-x86_64 1.4.0 3.93 43.75 47.68 OK
r-release-macos-arm64 1.4.0 24.00 NOTE
r-release-macos-x86_64 1.4.0 41.00 NOTE
r-release-windows-x86_64 1.4.0 25.00 81.00 106.00 OK
r-oldrel-macos-arm64 1.4.0 29.00 NOTE
r-oldrel-macos-x86_64 1.4.0 38.00 NOTE
r-oldrel-windows-ix86+x86_64 1.4.0 8.00 71.00 79.00 OK

Check Details

Version: 1.4.0
Check: dependencies in R code
Result: NOTE
    Namespace in Imports field not imported from: ‘raster’
     All declared Imports should be used.
Flavors: r-devel-linux-x86_64-fedora-clang, r-devel-linux-x86_64-fedora-gcc, r-release-macos-arm64, r-release-macos-x86_64, r-oldrel-macos-arm64, r-oldrel-macos-x86_64