CRAN Package Check Results for Package pspline.inference

Last updated on 2024-04-19 09:54:55 CEST.

Flavor Version Tinstall Tcheck Ttotal Status Flags
r-devel-linux-x86_64-debian-clang 1.0.4 10.87 192.14 203.01 NOTE
r-devel-linux-x86_64-debian-gcc 1.0.4 NOTE
r-devel-linux-x86_64-fedora-clang 1.0.4 245.92 NOTE
r-devel-linux-x86_64-fedora-gcc 1.0.4 248.20 NOTE
r-prerel-macos-arm64 1.0.4 103.00 NOTE
r-prerel-windows-x86_64 1.0.4 10.00 141.00 151.00 NOTE
r-patched-linux-x86_64 1.0.4 9.37 177.66 187.03 NOTE
r-release-linux-x86_64 1.0.4 8.31 185.55 193.86 NOTE
r-release-macos-arm64 1.0.4 156.00 NOTE
r-release-macos-x86_64 1.0.4 263.00 NOTE
r-release-windows-x86_64 1.0.4 14.00 177.00 191.00 NOTE
r-oldrel-macos-arm64 1.0.4 79.00 NOTE
r-oldrel-windows-x86_64 1.0.4 14.00 185.00 199.00 NOTE

Check Details

Version: 1.0.4
Check: Rd \usage sections
Result: NOTE Documented arguments not in \usage in Rd file 'pspline.sample.scalars.Rd': ‘time’ Documented arguments not in \usage in Rd file 'pspline.sample.timeseries.Rd': ‘time’ Functions with \usage entries need to have the appropriate \alias entries, and all their arguments documented. The \usage entries must correspond to syntactically valid R code. See chapter ‘Writing R documentation files’ in the ‘Writing R Extensions’ manual. Flavors: r-devel-linux-x86_64-debian-clang, r-devel-linux-x86_64-debian-gcc, r-devel-linux-x86_64-fedora-clang, r-devel-linux-x86_64-fedora-gcc, r-prerel-macos-arm64, r-prerel-windows-x86_64, r-patched-linux-x86_64

Version: 1.0.4
Check: LazyData
Result: NOTE 'LazyData' is specified without a 'data' directory Flavors: r-devel-linux-x86_64-debian-clang, r-devel-linux-x86_64-debian-gcc, r-devel-linux-x86_64-fedora-clang, r-devel-linux-x86_64-fedora-gcc, r-prerel-macos-arm64, r-prerel-windows-x86_64, r-patched-linux-x86_64, r-release-linux-x86_64, r-release-macos-arm64, r-release-macos-x86_64, r-release-windows-x86_64, r-oldrel-macos-arm64, r-oldrel-windows-x86_64