Last updated on 2022-08-07 19:55:16 CEST.
Flavor | Version | Tinstall | Tcheck | Ttotal | Status | Flags |
---|---|---|---|---|---|---|
r-devel-linux-x86_64-debian-clang | 0.3.1 | 74.76 | 150.20 | 224.96 | OK | |
r-devel-linux-x86_64-debian-gcc | 0.3.1 | 65.90 | 109.61 | 175.51 | OK | |
r-devel-linux-x86_64-fedora-clang | 0.3.1 | 316.87 | NOTE | |||
r-devel-linux-x86_64-fedora-gcc | 0.3.1 | 293.50 | OK | |||
r-devel-windows-x86_64 | 0.3.1 | 63.00 | 192.00 | 255.00 | OK | |
r-patched-linux-x86_64 | 0.3.1 | 58.37 | 136.55 | 194.92 | OK | |
r-release-linux-x86_64 | 0.3.1 | 51.34 | 134.87 | 186.21 | OK | |
r-release-macos-arm64 | 0.3.1 | 60.00 | NOTE | |||
r-release-macos-x86_64 | 0.3.1 | 96.00 | NOTE | |||
r-release-windows-x86_64 | 0.3.1 | 65.00 | 193.00 | 258.00 | OK | |
r-oldrel-macos-arm64 | 0.3.1 | 62.00 | NOTE | |||
r-oldrel-macos-x86_64 | 0.3.1 | 73.00 | NOTE | |||
r-oldrel-windows-ix86+x86_64 | 0.3.1 | 170.00 | 271.00 | 441.00 | OK |
Version: 0.3.1
Check: installed package size
Result: NOTE
installed size is 9.1Mb
sub-directories of 1Mb or more:
libs 8.4Mb
Flavors: r-devel-linux-x86_64-fedora-clang, r-release-macos-arm64, r-release-macos-x86_64, r-oldrel-macos-arm64, r-oldrel-macos-x86_64