CRAN Package Check Results for Package publipha

Last updated on 2021-02-28 00:48:54 CET.

Flavor Version Tinstall Tcheck Ttotal Status Flags
r-devel-linux-x86_64-debian-clang 0.1.1 327.57 106.72 434.29 NOTE
r-devel-linux-x86_64-debian-gcc 0.1.1 280.68 92.56 373.24 NOTE
r-devel-linux-x86_64-fedora-clang 0.1.1 600.44 NOTE
r-devel-linux-x86_64-fedora-gcc 0.1.1 635.51 NOTE
r-devel-windows-ix86+x86_64 0.1.1 522.00 180.00 702.00 NOTE
r-patched-linux-x86_64 0.1.1 233.07 116.61 349.68 NOTE
r-patched-solaris-x86 0.1.1 552.40 NOTE
r-release-linux-x86_64 0.1.1 240.01 116.60 356.61 NOTE
r-release-macos-x86_64 0.1.1 NOTE
r-release-windows-ix86+x86_64 0.1.1 759.00 196.00 955.00 NOTE
r-oldrel-macos-x86_64 0.1.1 NOTE
r-oldrel-windows-ix86+x86_64 0.1.1 517.00 217.00 734.00 NOTE

Check Details

Version: 0.1.1
Check: for GNU extensions in Makefiles
Result: NOTE
    GNU make is a SystemRequirements.
Flavors: r-devel-linux-x86_64-debian-clang, r-devel-linux-x86_64-debian-gcc, r-devel-linux-x86_64-fedora-clang, r-devel-linux-x86_64-fedora-gcc, r-devel-windows-ix86+x86_64, r-patched-linux-x86_64, r-patched-solaris-x86, r-release-linux-x86_64, r-release-macos-x86_64, r-release-windows-ix86+x86_64, r-oldrel-macos-x86_64, r-oldrel-windows-ix86+x86_64

Version: 0.1.1
Check: installed package size
Result: NOTE
     installed size is 57.5Mb
     sub-directories of 1Mb or more:
     libs 57.1Mb
Flavors: r-devel-linux-x86_64-fedora-clang, r-devel-windows-ix86+x86_64, r-release-macos-x86_64, r-release-windows-ix86+x86_64, r-oldrel-macos-x86_64, r-oldrel-windows-ix86+x86_64

Version: 0.1.1
Check: data for non-ASCII characters
Result: NOTE
     Note: found 35 marked UTF-8 strings
Flavors: r-devel-linux-x86_64-fedora-clang, r-devel-linux-x86_64-fedora-gcc, r-patched-solaris-x86, r-release-macos-x86_64, r-oldrel-macos-x86_64