CRAN Package Check Results for Package pushbar

Last updated on 2021-04-15 04:48:51 CEST.

Flavor Version Tinstall Tcheck Ttotal Status Flags
r-devel-linux-x86_64-debian-clang 0.1.0 3.20 33.26 36.46 NOTE
r-devel-linux-x86_64-debian-gcc 0.1.0 2.50 25.90 28.40 NOTE
r-devel-linux-x86_64-fedora-clang 0.1.0 54.51 NOTE
r-devel-linux-x86_64-fedora-gcc 0.1.0 43.51 NOTE
r-devel-windows-ix86+x86_64 0.1.0 9.00 43.00 52.00 NOTE
r-devel-windows-x86_64-gcc10-UCRT 0.1.0 NOTE
r-patched-linux-x86_64 0.1.0 3.37 31.48 34.85 OK
r-patched-solaris-x86 0.1.0 71.20 OK
r-release-linux-x86_64 0.1.0 3.16 31.53 34.69 OK
r-release-macos-x86_64 0.1.0 OK
r-release-windows-ix86+x86_64 0.1.0 19.00 53.00 72.00 OK
r-oldrel-macos-x86_64 0.1.0 OK
r-oldrel-windows-ix86+x86_64 0.1.0 7.00 35.00 42.00 OK

Check Details

Version: 0.1.0
Check: LazyData
Result: NOTE
     'LazyData' is specified without a 'data' directory
Flavors: r-devel-linux-x86_64-debian-clang, r-devel-linux-x86_64-debian-gcc, r-devel-linux-x86_64-fedora-clang, r-devel-linux-x86_64-fedora-gcc, r-devel-windows-ix86+x86_64, r-devel-windows-x86_64-gcc10-UCRT