CRAN Package Check Results for Package pzfx

Last updated on 2022-12-09 16:51:33 CET.

Flavor Version Tinstall Tcheck Ttotal Status Flags
r-devel-linux-x86_64-debian-clang 0.3.0 2.13 29.85 31.98 NOTE
r-devel-linux-x86_64-debian-gcc 0.3.0 1.83 24.20 26.03 NOTE
r-devel-linux-x86_64-fedora-clang 0.3.0 50.51 NOTE
r-devel-linux-x86_64-fedora-gcc 0.3.0 59.27 NOTE
r-devel-windows-x86_64 0.3.0 29.00 61.00 90.00 NOTE
r-patched-linux-x86_64 0.3.0 2.36 27.74 30.10 NOTE
r-release-linux-x86_64 0.3.0 2.12 29.23 31.35 NOTE
r-release-macos-arm64 0.3.0 17.00 NOTE
r-release-macos-x86_64 0.3.0 23.00 NOTE
r-release-windows-x86_64 0.3.0 27.00 61.00 88.00 NOTE
r-oldrel-macos-arm64 0.3.0 19.00 NOTE
r-oldrel-macos-x86_64 0.3.0 29.00 NOTE
r-oldrel-windows-ix86+x86_64 0.3.0 6.00 51.00 57.00 NOTE

Check Details

Version: 0.3.0
Check: LazyData
Result: NOTE
     'LazyData' is specified without a 'data' directory
Flavors: r-devel-linux-x86_64-debian-clang, r-devel-linux-x86_64-debian-gcc, r-devel-linux-x86_64-fedora-clang, r-devel-linux-x86_64-fedora-gcc, r-devel-windows-x86_64, r-patched-linux-x86_64, r-release-linux-x86_64, r-release-macos-arm64, r-release-macos-x86_64, r-release-windows-x86_64, r-oldrel-macos-arm64, r-oldrel-macos-x86_64, r-oldrel-windows-ix86+x86_64