CRAN Package Check Results for Package qMRI

Last updated on 2019-09-18 19:46:36 CEST.

Flavor Version Tinstall Tcheck Ttotal Status Flags
r-devel-linux-x86_64-debian-clang 1.0.1 9.85 190.65 200.50 OK
r-devel-linux-x86_64-debian-gcc 1.0.1 7.59 141.92 149.51 OK
r-devel-linux-x86_64-fedora-clang 1.0.1 228.02 NOTE
r-devel-linux-x86_64-fedora-gcc 1.0.1 229.34 NOTE
r-devel-windows-ix86+x86_64 1.0.1 43.00 274.00 317.00 OK
r-patched-linux-x86_64 1.0.1 7.93 184.44 192.37 OK
r-patched-solaris-x86 1.0.1 300.90 NOTE
r-release-linux-x86_64 1.0.1 8.66 186.51 195.17 OK
r-release-windows-ix86+x86_64 1.0.1 29.00 351.00 380.00 OK
r-release-osx-x86_64 1.0.1 NOTE
r-oldrel-windows-ix86+x86_64 1.0.1 16.00 264.00 280.00 OK
r-oldrel-osx-x86_64 1.0.1 NOTE

Check Details

Version: 1.0.1
Check: dependencies in R code
Result: NOTE
    Namespace in Imports field not imported from: ‘dti’
     All declared Imports should be used.
Flavors: r-devel-linux-x86_64-fedora-clang, r-devel-linux-x86_64-fedora-gcc, r-patched-solaris-x86, r-release-osx-x86_64, r-oldrel-osx-x86_64