CRAN Package Check Results for Package qad

Last updated on 2024-02-28 19:49:45 CET.

Flavor Version Tinstall Tcheck Ttotal Status Flags
r-devel-linux-x86_64-debian-clang 1.0.4 36.91 169.32 206.23 NOTE
r-devel-linux-x86_64-debian-gcc 1.0.4 24.96 125.92 150.88 NOTE
r-devel-linux-x86_64-fedora-clang 1.0.4 253.99 NOTE
r-devel-linux-x86_64-fedora-gcc 1.0.4 256.02 NOTE
r-devel-windows-x86_64 1.0.4 29.00 152.00 181.00 OK
r-patched-linux-x86_64 1.0.4 24.34 162.68 187.02 OK
r-release-linux-x86_64 1.0.4 22.67 163.05 185.72 OK
r-release-macos-arm64 1.0.4 77.00 OK
r-release-macos-x86_64 1.0.4 134.00 OK
r-release-windows-x86_64 1.0.4 38.00 184.00 222.00 OK
r-oldrel-macos-arm64 1.0.4 75.00 OK
r-oldrel-windows-x86_64 1.0.4 36.00 180.00 216.00 OK

Check Details

Version: 1.0.4
Check: Rd files
Result: NOTE checkRd: (-1) ECBC.Rd:39: Lost braces; missing escapes or markup? 39 | Let (u_i,v_i) := (F_n(x_i),G_n(y_i)) be the pseudo-observations for i in \{1,\ldots,n\} and (u_1',v_1'),\ldots, (u_m',v_m') the distinct pairs of pseudo-observations with m leq n. Moreover set S_1:=\{0, u_1, \ldots, u_{m_1}\} and S_2:=\{0, v_1,\ldots, v_{m_2}\} and define the quantities t_i,r_i and s_i for i=1,\ldots, m by | ^ checkRd: (-1) ECBC.Rd:39: Lost braces; missing escapes or markup? 39 | Let (u_i,v_i) := (F_n(x_i),G_n(y_i)) be the pseudo-observations for i in \{1,\ldots,n\} and (u_1',v_1'),\ldots, (u_m',v_m') the distinct pairs of pseudo-observations with m leq n. Moreover set S_1:=\{0, u_1, \ldots, u_{m_1}\} and S_2:=\{0, v_1,\ldots, v_{m_2}\} and define the quantities t_i,r_i and s_i for i=1,\ldots, m by | ^ checkRd: (-1) ECBC.Rd:49: Lost braces; missing escapes or markup? 49 | and set the measure of the empirical copula mu_{A_n}^B := 1/n sum_{i=1}^m t_i mu_B^{w_i}, where B denotes the product copula. | ^ checkRd: (-1) ECBC.Rd:49: Lost braces; missing escapes or markup? 49 | and set the measure of the empirical copula mu_{A_n}^B := 1/n sum_{i=1}^m t_i mu_B^{w_i}, where B denotes the product copula. | ^ checkRd: (-1) ECBC.Rd:49: Lost braces; missing escapes or markup? 49 | and set the measure of the empirical copula mu_{A_n}^B := 1/n sum_{i=1}^m t_i mu_B^{w_i}, where B denotes the product copula. | ^ checkRd: (-1) emp_c_copula.Rd:42: Lost braces; missing escapes or markup? 42 | Let (u_i,v_i) := (F_n(x_i),G_n(y_i)) be the pseudo-observations for i in \{1,\ldots,n\} and (u_1',v_1'),\ldots, (u_m',v_m') the distinct pairs of pseudo-observations with m leq n. Moreover set S_1:=\{0, u_1, \ldots, u_{m_1}\} and S_2:=\{0, v_1,\ldots, v_{m_2}\} and define the quantities t_i,r_i and s_i for i=1,\ldots, m by | ^ checkRd: (-1) emp_c_copula.Rd:42: Lost braces; missing escapes or markup? 42 | Let (u_i,v_i) := (F_n(x_i),G_n(y_i)) be the pseudo-observations for i in \{1,\ldots,n\} and (u_1',v_1'),\ldots, (u_m',v_m') the distinct pairs of pseudo-observations with m leq n. Moreover set S_1:=\{0, u_1, \ldots, u_{m_1}\} and S_2:=\{0, v_1,\ldots, v_{m_2}\} and define the quantities t_i,r_i and s_i for i=1,\ldots, m by | ^ checkRd: (-1) emp_c_copula.Rd:52: Lost braces; missing escapes or markup? 52 | and set the measure of the empirical copula mu_{A_n}^B := 1/n sum_{i=1}^m t_i mu_B^{w_i}, where B denotes the product copula. | ^ checkRd: (-1) emp_c_copula.Rd:52: Lost braces; missing escapes or markup? 52 | and set the measure of the empirical copula mu_{A_n}^B := 1/n sum_{i=1}^m t_i mu_B^{w_i}, where B denotes the product copula. | ^ checkRd: (-1) emp_c_copula.Rd:52: Lost braces; missing escapes or markup? 52 | and set the measure of the empirical copula mu_{A_n}^B := 1/n sum_{i=1}^m t_i mu_B^{w_i}, where B denotes the product copula. | ^ Flavors: r-devel-linux-x86_64-debian-clang, r-devel-linux-x86_64-debian-gcc, r-devel-linux-x86_64-fedora-clang, r-devel-linux-x86_64-fedora-gcc