Last updated on 2023-06-03 02:51:28 CEST.
Flavor | Version | Tinstall | Tcheck | Ttotal | Status | Flags |
---|---|---|---|---|---|---|
r-devel-linux-x86_64-debian-clang | 3.0 | 17.49 | 140.30 | 157.79 | NOTE | |
r-devel-linux-x86_64-debian-gcc | 3.0 | 12.52 | 104.45 | 116.97 | NOTE | |
r-devel-linux-x86_64-fedora-clang | 3.0 | 199.86 | NOTE | |||
r-devel-linux-x86_64-fedora-gcc | 3.0 | 185.60 | NOTE | |||
r-devel-windows-x86_64 | 3.0 | 17.00 | 116.00 | 133.00 | NOTE | |
r-patched-linux-x86_64 | 3.0 | NOTE | ||||
r-release-linux-x86_64 | 3.0 | 16.91 | 133.45 | 150.36 | NOTE | |
r-release-macos-arm64 | 3.0 | 55.00 | NOTE | |||
r-release-macos-x86_64 | 3.0 | 92.00 | NOTE | |||
r-release-windows-x86_64 | 3.0 | 22.00 | 138.00 | 160.00 | NOTE | |
r-oldrel-macos-arm64 | 3.0 | 51.00 | OK | |||
r-oldrel-macos-x86_64 | 3.0 | 90.00 | OK | |||
r-oldrel-windows-x86_64 | 3.0 | 21.00 | 137.00 | 158.00 | OK |
Version: 3.0
Check: Rd \usage sections
Result: NOTE
S3 methods shown with full name in documentation object ‘internals’:
‘predict.iqrL.internal’
The \usage entries for S3 methods should use the \method markup and not
their full name.
See chapter ‘Writing R documentation files’ in the ‘Writing R
Extensions’ manual.
Flavors: r-devel-linux-x86_64-debian-clang, r-devel-linux-x86_64-debian-gcc, r-devel-linux-x86_64-fedora-clang, r-devel-linux-x86_64-fedora-gcc, r-devel-windows-x86_64, r-patched-linux-x86_64, r-release-linux-x86_64, r-release-macos-arm64, r-release-macos-x86_64, r-release-windows-x86_64