CRAN Package Check Results for Package qreport

Last updated on 2025-01-21 18:49:50 CET.

Flavor Version Tinstall Tcheck Ttotal Status Flags
r-devel-linux-x86_64-debian-clang 1.0-1 11.32 99.28 110.60 NOTE
r-devel-linux-x86_64-debian-gcc 1.0-1 9.78 68.92 78.70 NOTE
r-devel-linux-x86_64-fedora-clang 1.0-1 183.23 OK
r-devel-linux-x86_64-fedora-gcc 1.0-1 162.10 OK
r-devel-windows-x86_64 1.0-1 14.00 109.00 123.00 NOTE
r-patched-linux-x86_64 1.0-1 20.39 88.92 109.31 OK
r-release-linux-x86_64 1.0-1 13.38 90.49 103.87 OK
r-release-macos-arm64 1.0-1 56.00 OK
r-release-macos-x86_64 1.0-1 72.00 OK
r-release-windows-x86_64 1.0-1 14.00 112.00 126.00 OK
r-oldrel-macos-arm64 1.0-1 62.00 OK
r-oldrel-macos-x86_64 1.0-1 136.00 OK
r-oldrel-windows-x86_64 1.0-1 19.00 133.00 152.00 OK

Check Details

Version: 1.0-1
Check: Rd cross-references
Result: NOTE Found the following Rd file(s) with Rd \link{} targets missing package anchors: missChk.Rd: combplotp Please provide package anchors for all Rd \link{} targets not in the package itself and the base packages. Flavors: r-devel-linux-x86_64-debian-clang, r-devel-linux-x86_64-debian-gcc, r-devel-windows-x86_64