CRAN Package Check Results for Package qrmdata

Last updated on 2020-02-17 17:52:20 CET.

Flavor Version Tinstall Tcheck Ttotal Status Flags
r-devel-linux-x86_64-debian-clang 2019-12-03-1 3.17 42.16 45.33 OK
r-devel-linux-x86_64-debian-gcc 2019-12-03-1 2.47 34.13 36.60 OK
r-devel-linux-x86_64-fedora-clang 2019-12-03-1 54.70 NOTE
r-devel-linux-x86_64-fedora-gcc 2019-12-03-1 54.57 OK
r-devel-windows-ix86+x86_64 2019-12-03-1 7.00 52.00 59.00 NOTE
r-devel-windows-ix86+x86_64-gcc8 2019-12-03-1 10.00 57.00 67.00 NOTE
r-patched-linux-x86_64 2019-12-03-1 2.28 38.81 41.09 OK
r-patched-solaris-x86 2019-12-03-1 85.50 NOTE
r-release-linux-x86_64 2019-12-03-1 2.76 39.67 42.43 OK
r-release-windows-ix86+x86_64 2019-12-03-1 6.00 61.00 67.00 NOTE
r-release-osx-x86_64 2019-12-03-1 NOTE
r-oldrel-windows-ix86+x86_64 2019-12-03-1 4.00 52.00 56.00 NOTE
r-oldrel-osx-x86_64 2019-12-03-1 NOTE

Check Details

Version: 2019-12-03-1
Check: installed package size
Result: NOTE
     installed size is 11.0Mb
     sub-directories of 1Mb or more:
     data 10.8Mb
Flavors: r-devel-linux-x86_64-fedora-clang, r-devel-windows-ix86+x86_64, r-devel-windows-ix86+x86_64-gcc8, r-patched-solaris-x86, r-release-windows-ix86+x86_64, r-release-osx-x86_64, r-oldrel-windows-ix86+x86_64, r-oldrel-osx-x86_64