Last updated on 2022-08-13 09:54:32 CEST.
Flavor | Version | Tinstall | Tcheck | Ttotal | Status | Flags |
---|---|---|---|---|---|---|
r-devel-linux-x86_64-debian-clang | 2022-05-31-1 | 2.90 | 47.69 | 50.59 | OK | |
r-devel-linux-x86_64-debian-gcc | 2022-05-31-1 | 2.75 | 37.30 | 40.05 | OK | |
r-devel-linux-x86_64-fedora-clang | 2022-05-31-1 | 74.13 | NOTE | |||
r-devel-linux-x86_64-fedora-gcc | 2022-05-31-1 | 73.17 | OK | |||
r-devel-windows-x86_64 | 2022-05-31-1 | 16.00 | 84.00 | 100.00 | NOTE | |
r-patched-linux-x86_64 | 2022-05-31-1 | 4.14 | 46.37 | 50.51 | OK | |
r-release-linux-x86_64 | 2022-05-31-1 | 2.99 | 45.86 | 48.85 | OK | |
r-release-macos-arm64 | 2022-05-31-1 | 25.00 | NOTE | |||
r-release-macos-x86_64 | 2022-05-31-1 | 38.00 | NOTE | |||
r-release-windows-x86_64 | 2022-05-31-1 | 18.00 | 77.00 | 95.00 | NOTE | |
r-oldrel-macos-arm64 | 2022-05-31-1 | 21.00 | NOTE | |||
r-oldrel-macos-x86_64 | 2022-05-31-1 | 38.00 | NOTE | |||
r-oldrel-windows-ix86+x86_64 | 2022-05-31-1 | 8.00 | 74.00 | 82.00 | NOTE |
Version: 2022-05-31-1
Check: installed package size
Result: NOTE
installed size is 11.0Mb
sub-directories of 1Mb or more:
data 10.8Mb
Flavors: r-devel-linux-x86_64-fedora-clang, r-devel-windows-x86_64, r-release-macos-arm64, r-release-macos-x86_64, r-release-windows-x86_64, r-oldrel-macos-arm64, r-oldrel-macos-x86_64, r-oldrel-windows-ix86+x86_64