CRAN Package Check Results for Package qrmdata

Last updated on 2020-09-28 00:46:54 CEST.

Flavor Version Tinstall Tcheck Ttotal Status Flags
r-devel-linux-x86_64-debian-clang 2019-12-03-1 3.45 43.38 46.83 OK
r-devel-linux-x86_64-debian-gcc 2019-12-03-1 2.47 34.50 36.97 OK
r-devel-linux-x86_64-fedora-clang 2019-12-03-1 64.95 NOTE
r-devel-linux-x86_64-fedora-gcc 2019-12-03-1 55.08 OK
r-devel-windows-ix86+x86_64 2019-12-03-1 7.00 205.00 212.00 NOTE
r-patched-linux-x86_64 2019-12-03-1 3.44 42.04 45.48 OK
r-patched-solaris-x86 2019-12-03-1 87.30 NOTE
r-release-linux-x86_64 2019-12-03-1 2.98 42.03 45.01 OK
r-release-macos-x86_64 2019-12-03-1 NOTE
r-release-windows-ix86+x86_64 2019-12-03-1 18.00 70.00 88.00 NOTE
r-oldrel-macos-x86_64 2019-12-03-1 NOTE
r-oldrel-windows-ix86+x86_64 2019-12-03-1 5.00 63.00 68.00 NOTE

Check Details

Version: 2019-12-03-1
Check: installed package size
Result: NOTE
     installed size is 11.0Mb
     sub-directories of 1Mb or more:
     data 10.8Mb
Flavors: r-devel-linux-x86_64-fedora-clang, r-devel-windows-ix86+x86_64, r-patched-solaris-x86, r-release-macos-x86_64, r-release-windows-ix86+x86_64, r-oldrel-macos-x86_64, r-oldrel-windows-ix86+x86_64