CRAN Package Check Results for Package quadmesh

Last updated on 2021-12-08 22:57:45 CET.

Flavor Version Tinstall Tcheck Ttotal Status Flags
r-devel-linux-x86_64-debian-clang 0.5.0 24.16 258.59 282.75 OK
r-devel-linux-x86_64-debian-gcc 0.5.0 20.24 206.27 226.51 OK
r-devel-linux-x86_64-fedora-clang 0.5.0 352.49 NOTE
r-devel-linux-x86_64-fedora-gcc 0.5.0 340.69 NOTE
r-devel-windows-x86_64-new-UL 0.5.0 42.00 288.00 330.00 OK
r-devel-windows-x86_64-new-TK 0.5.0 NOTE
r-devel-windows-x86_64-old 0.5.0 39.00 215.00 254.00 OK
r-patched-linux-x86_64 0.5.0 22.35 262.05 284.40 OK
r-release-linux-x86_64 0.5.0 23.03 265.50 288.53 OK
r-release-macos-arm64 0.5.0 NOTE
r-release-macos-x86_64 0.5.0 NOTE
r-release-windows-ix86+x86_64 0.5.0 39.00 294.00 333.00 OK
r-oldrel-macos-x86_64 0.5.0 NOTE
r-oldrel-windows-ix86+x86_64 0.5.0 59.00 303.00 362.00 OK

Check Details

Version: 0.5.0
Check: dependencies in R code
Result: NOTE
    Namespace in Imports field not imported from: ‘viridis’
     All declared Imports should be used.
Flavors: r-devel-linux-x86_64-fedora-clang, r-devel-linux-x86_64-fedora-gcc, r-devel-windows-x86_64-new-TK, r-release-macos-arm64, r-release-macos-x86_64, r-oldrel-macos-x86_64

Version: 0.5.0
Check: Rd cross-references
Result: NOTE
    Undeclared package ‘rgl’ in Rd xrefs
Flavor: r-devel-linux-x86_64-fedora-clang