CRAN Package Check Results for Package quadrupen

Last updated on 2019-09-19 11:47:05 CEST.

Flavor Version Tinstall Tcheck Ttotal Status Flags
r-devel-linux-x86_64-debian-clang 0.2-7 101.52 76.89 178.41 OK
r-devel-linux-x86_64-debian-gcc 0.2-7 88.74 59.26 148.00 OK
r-devel-linux-x86_64-fedora-clang 0.2-7 257.82 NOTE
r-devel-linux-x86_64-fedora-gcc 0.2-7 253.13 OK
r-devel-windows-ix86+x86_64 0.2-7 257.00 188.00 445.00 OK
r-patched-linux-x86_64 0.2-7 89.89 73.38 163.27 OK
r-patched-solaris-x86 0.2-7 271.10 OK
r-release-linux-x86_64 0.2-7 91.77 73.10 164.87 OK
r-release-windows-ix86+x86_64 0.2-7 183.00 127.00 310.00 OK
r-release-osx-x86_64 0.2-7 NOTE
r-oldrel-windows-ix86+x86_64 0.2-7 177.00 116.00 293.00 OK
r-oldrel-osx-x86_64 0.2-7 NOTE

Check Details

Version: 0.2-7
Check: installed package size
Result: NOTE
     installed size is 9.4Mb
     sub-directories of 1Mb or more:
     libs 8.9Mb
Flavors: r-devel-linux-x86_64-fedora-clang, r-release-osx-x86_64, r-oldrel-osx-x86_64