CRAN Package Check Results for Package quadrupen

Last updated on 2020-02-27 20:48:36 CET.

Flavor Version Tinstall Tcheck Ttotal Status Flags
r-devel-linux-x86_64-debian-clang 0.2-7 120.19 86.49 206.68 OK
r-devel-linux-x86_64-debian-gcc 0.2-7 86.32 66.35 152.67 OK
r-devel-linux-x86_64-fedora-clang 0.2-7 273.73 NOTE
r-devel-linux-x86_64-fedora-gcc 0.2-7 262.83 OK
r-devel-windows-ix86+x86_64 0.2-7 206.00 131.00 337.00 OK
r-devel-windows-ix86+x86_64-gcc8 0.2-7 210.00 139.00 349.00 OK
r-patched-linux-x86_64 0.2-7 98.48 74.46 172.94 OK
r-patched-solaris-x86 0.2-7 258.50 OK
r-release-linux-x86_64 0.2-7 94.37 74.32 168.69 OK
r-release-windows-ix86+x86_64 0.2-7 210.00 128.00 338.00 OK
r-release-osx-x86_64 0.2-7 NOTE
r-oldrel-windows-ix86+x86_64 0.2-7 181.00 115.00 296.00 OK
r-oldrel-osx-x86_64 0.2-7 NOTE

Check Details

Version: 0.2-7
Check: installed package size
Result: NOTE
     installed size is 9.6Mb
     sub-directories of 1Mb or more:
     libs 9.1Mb
Flavors: r-devel-linux-x86_64-fedora-clang, r-release-osx-x86_64, r-oldrel-osx-x86_64