CRAN Package Check Results for Package qualV

Last updated on 2022-08-13 09:54:32 CEST.

Flavor Version Tinstall Tcheck Ttotal Status Flags
r-devel-linux-x86_64-debian-clang 0.3-4 3.45 38.76 42.21 NOTE
r-devel-linux-x86_64-debian-gcc 0.3-4 3.20 28.63 31.83 NOTE
r-devel-linux-x86_64-fedora-clang 0.3-4 61.63 NOTE
r-devel-linux-x86_64-fedora-gcc 0.3-4 60.87 NOTE
r-devel-windows-x86_64 0.3-4 11.00 64.00 75.00 NOTE
r-patched-linux-x86_64 0.3-4 3.48 35.26 38.74 OK
r-release-linux-x86_64 0.3-4 3.50 36.20 39.70 OK
r-release-macos-arm64 0.3-4 18.00 OK
r-release-macos-x86_64 0.3-4 27.00 OK
r-release-windows-x86_64 0.3-4 11.00 64.00 75.00 OK
r-oldrel-macos-arm64 0.3-4 31.00 OK
r-oldrel-macos-x86_64 0.3-4 29.00 OK
r-oldrel-windows-ix86+x86_64 0.3-4 10.00 76.00 86.00 OK

Check Details

Version: 0.3-4
Check: Rd files
Result: NOTE
    checkRd: (-1) GRI.Rd:3: Escaped LaTeX specials: \&
Flavors: r-devel-linux-x86_64-debian-clang, r-devel-linux-x86_64-debian-gcc, r-devel-linux-x86_64-fedora-clang, r-devel-linux-x86_64-fedora-gcc, r-devel-windows-x86_64