Last updated on 2023-06-05 23:09:39 CEST.
Flavor | Version | Tinstall | Tcheck | Ttotal | Status | Flags |
---|---|---|---|---|---|---|
r-devel-linux-x86_64-debian-clang | 0.5.2 | 44.07 | 110.47 | 154.54 | NOTE | |
r-devel-linux-x86_64-debian-gcc | 0.5.2 | 33.59 | 83.43 | 117.02 | NOTE | |
r-devel-linux-x86_64-fedora-clang | 0.5.2 | 204.11 | NOTE | |||
r-devel-linux-x86_64-fedora-gcc | 0.5.2 | 201.23 | NOTE | |||
r-devel-windows-x86_64 | 0.5.2 | 35.00 | 129.00 | 164.00 | NOTE | |
r-patched-linux-x86_64 | 0.5.2 | 33.25 | 104.73 | 137.98 | NOTE | |
r-release-linux-x86_64 | 0.5.2 | 29.32 | 104.95 | 134.27 | NOTE | |
r-release-macos-arm64 | 0.5.2 | 69.00 | NOTE | |||
r-release-macos-x86_64 | 0.5.2 | 106.00 | NOTE | |||
r-release-windows-x86_64 | 0.5.2 | 43.00 | 155.00 | 198.00 | NOTE | |
r-oldrel-macos-arm64 | 0.5.2 | 67.00 | OK | |||
r-oldrel-macos-x86_64 | 0.5.2 | 113.00 | OK | |||
r-oldrel-windows-x86_64 | 0.5.2 | 42.00 | 146.00 | 188.00 | OK |
Version: 0.5.2
Check: Rd files
Result: NOTE
checkRd: (-1) qwraps2.Rd:73: Escaped LaTeX specials: \&
Flavors: r-devel-linux-x86_64-debian-clang, r-devel-linux-x86_64-debian-gcc, r-devel-linux-x86_64-fedora-clang, r-devel-linux-x86_64-fedora-gcc, r-devel-windows-x86_64, r-patched-linux-x86_64, r-release-linux-x86_64, r-release-macos-arm64, r-release-macos-x86_64, r-release-windows-x86_64